{"id":1739,"date":"2025-02-28T20:44:02","date_gmt":"2025-02-28T18:44:02","guid":{"rendered":"https:\/\/dominiiklased.ee\/vincent-liem-de-la-paix\/"},"modified":"2026-03-22T20:44:35","modified_gmt":"2026-03-22T18:44:35","slug":"vincent-liem-de-la-paix","status":"publish","type":"page","link":"https:\/\/dominiiklased.ee\/fr\/vincent-liem-de-la-paix\/","title":{"rendered":"Vincent Liem de la Paix"},"content":{"rendered":"\t\t<div data-elementor-type=\"wp-page\" data-elementor-id=\"1739\" class=\"elementor elementor-1739 elementor-669\">\n\t\t\t\t<div class=\"aux-parallax-section elementor-element elementor-element-2284ac6 e-flex e-con-boxed e-con e-parent\" data-id=\"2284ac6\" data-element_type=\"container\" data-e-type=\"container\">\n\t\t\t\t\t<div class=\"e-con-inner\">\n\t\t\t\t<div class=\"elementor-element elementor-element-51ccffe elementor-widget elementor-widget-heading\" data-id=\"51ccffe\" data-element_type=\"widget\" data-e-type=\"widget\" data-widget_type=\"heading.default\">\n\t\t\t\t<div class=\"elementor-widget-container\">\n\t\t\t\t\t<h2 class=\"elementor-heading-title elementor-size-default\">Nos mod\u00e8les<\/h2>\t\t\t\t<\/div>\n\t\t\t\t<\/div>\n\t\t\t\t<div class=\"elementor-element elementor-element-0bb9e25 elementor-widget elementor-widget-aux_menu_box\" data-id=\"0bb9e25\" data-element_type=\"widget\" data-e-type=\"widget\" data-widget_type=\"aux_menu_box.default\">\n\t\t\t\t<div class=\"elementor-widget-container\">\n\t\t\t\t\t<div class=\"aux-elementor-header-menu aux-nav-menu-element aux-nav-menu-element-0bb9e25\"><div class=\"aux-burger-box\" data-target-panel=\"toggle-bar\" data-target-content=\".elementor-element-0bb9e25 .aux-master-menu\"><div class=\"aux-burger aux-lite-small\"><span class=\"mid-line\"><\/span><\/div><\/div><!-- start master menu -->\n<nav id=\"master-menu-elementor-0bb9e25\" class=\"menu-dominikaanlased-francais-container\">\n\n\t<ul id=\"menu-dominikaanlased-francais\" class=\"aux-master-menu aux-no-js aux-skin-classic aux-with-indicator aux-with-splitter aux-horizontal\" data-type=\"horizontal\"  data-switch-type=\"toggle\" data-switch-parent=\".elementor-element-0bb9e25 .aux-toggle-menu-bar\" data-switch-width=\"115\"  >\n\t\t<!-- start single menu -->\n\t\t<li id=\"menu-item-1837\" class=\"menu-item menu-item-type-post_type menu-item-object-page menu-item-1837 aux-menu-depth-0 aux-menu-root-1 aux-menu-item\">\n\t\t\t<a href=\"https:\/\/dominiiklased.ee\/fr\/bienheureuse-agnes-de-langeac\/\" class=\"aux-item-content\">\n\t\t\t\t<span class=\"aux-menu-label\">Bienheureuse Agn\u00e8s de Langeac<\/span>\n\t\t\t<\/a>\n\t\t<\/li>\n\t\t<!-- end single menu -->\n\t\t<!-- start single menu -->\n\t\t<li id=\"menu-item-1838\" class=\"menu-item menu-item-type-post_type menu-item-object-page menu-item-1838 aux-menu-depth-0 aux-menu-root-2 aux-menu-item\">\n\t\t\t<a href=\"https:\/\/dominiiklased.ee\/fr\/jose-alvarez-fernandez\/\" class=\"aux-item-content\">\n\t\t\t\t<span class=\"aux-menu-label\">Jos\u00e9 Alvarez Fernandez<\/span>\n\t\t\t<\/a>\n\t\t<\/li>\n\t\t<!-- end single menu -->\n\t\t<!-- start single menu -->\n\t\t<li id=\"menu-item-1839\" class=\"menu-item menu-item-type-post_type menu-item-object-page menu-item-1839 aux-menu-depth-0 aux-menu-root-3 aux-menu-item\">\n\t\t\t<a href=\"https:\/\/dominiiklased.ee\/fr\/therese-chikaba\/\" class=\"aux-item-content\">\n\t\t\t\t<span class=\"aux-menu-label\">Teresa Chikaba<\/span>\n\t\t\t<\/a>\n\t\t<\/li>\n\t\t<!-- end single menu -->\n\t\t<!-- start single menu -->\n\t\t<li id=\"menu-item-1840\" class=\"menu-item menu-item-type-post_type menu-item-object-page menu-item-1840 aux-menu-depth-0 aux-menu-root-4 aux-menu-item\">\n\t\t\t<a href=\"https:\/\/dominiiklased.ee\/fr\/titus-horten\/\" class=\"aux-item-content\">\n\t\t\t\t<span class=\"aux-menu-label\">Titus Horten<\/span>\n\t\t\t<\/a>\n\t\t<\/li>\n\t\t<!-- end single menu -->\n\t\t<!-- start single menu -->\n\t\t<li id=\"menu-item-1841\" class=\"menu-item menu-item-type-post_type menu-item-object-page menu-item-1841 aux-menu-depth-0 aux-menu-root-5 aux-menu-item\">\n\t\t\t<a href=\"https:\/\/dominiiklased.ee\/fr\/marie-joseph-lagrange\/\" class=\"aux-item-content\">\n\t\t\t\t<span class=\"aux-menu-label\">Marie Joseph Lagrange<\/span>\n\t\t\t<\/a>\n\t\t<\/li>\n\t\t<!-- end single menu -->\n\t\t<!-- start single menu -->\n\t\t<li id=\"menu-item-1852\" class=\"menu-item menu-item-type-post_type menu-item-object-page menu-item-1852 aux-menu-depth-0 aux-menu-root-6 aux-menu-item\">\n\t\t\t<a href=\"https:\/\/dominiiklased.ee\/fr\/vincent-liem-de-la-paix\/\" class=\"aux-item-content\">\n\t\t\t\t<span class=\"aux-menu-label\">Vincent Liem de la Paix<\/span>\n\t\t\t<\/a>\n\t\t<\/li>\n\t\t<!-- end single menu -->\n\t\t<!-- start single menu -->\n\t\t<li id=\"menu-item-1853\" class=\"menu-item menu-item-type-post_type menu-item-object-page menu-item-1853 aux-menu-depth-0 aux-menu-root-7 aux-menu-item\">\n\t\t\t<a href=\"https:\/\/dominiiklased.ee\/fr\/juan-macias\/\" class=\"aux-item-content\">\n\t\t\t\t<span class=\"aux-menu-label\">Juan Macias<\/span>\n\t\t\t<\/a>\n\t\t<\/li>\n\t\t<!-- end single menu -->\n\t\t<!-- start single menu -->\n\t\t<li id=\"menu-item-1854\" class=\"menu-item menu-item-type-post_type menu-item-object-page menu-item-1854 aux-menu-depth-0 aux-menu-root-8 aux-menu-item\">\n\t\t\t<a href=\"https:\/\/dominiiklased.ee\/fr\/giorgio-la-pira\/\" class=\"aux-item-content\">\n\t\t\t\t<span class=\"aux-menu-label\">Giorgio La Pira<\/span>\n\t\t\t<\/a>\n\t\t<\/li>\n\t\t<!-- end single menu -->\n\t\t<!-- start single menu -->\n\t\t<li id=\"menu-item-1855\" class=\"menu-item menu-item-type-post_type menu-item-object-page menu-item-1855 aux-menu-depth-0 aux-menu-root-9 aux-menu-item\">\n\t\t\t<a href=\"https:\/\/dominiiklased.ee\/fr\/francois-de-vitoria\/\" class=\"aux-item-content\">\n\t\t\t\t<span class=\"aux-menu-label\">Franciso de Vitoria<\/span>\n\t\t\t<\/a>\n\t\t<\/li>\n\t\t<!-- end single menu -->\n\t<\/ul>\n\n<\/nav>\n<!-- end master menu -->\n<div class=\"aux-toggle-menu-bar\"><\/div><\/div><style>@media only screen and (min-width: 116px) { .elementor-element-0bb9e25 .aux-burger-box { display: none } }<\/style>\t\t\t\t<\/div>\n\t\t\t\t<\/div>\n\t\t\t\t\t<\/div>\n\t\t\t\t<\/div>\n\t\t<div class=\"aux-parallax-section elementor-element elementor-element-c41fd24 e-flex e-con-boxed e-con e-parent\" data-id=\"c41fd24\" data-element_type=\"container\" data-e-type=\"container\">\n\t\t\t\t\t<div class=\"e-con-inner\">\n\t\t<div class=\"elementor-element elementor-element-f8c7192 e-con-full e-flex e-con e-child\" data-id=\"f8c7192\" data-element_type=\"container\" data-e-type=\"container\">\n\t\t\t\t<div class=\"elementor-element elementor-element-c99461e aux-appear-watch-animation aux-fade-in-up elementor-widget elementor-widget-aux_modern_heading\" data-id=\"c99461e\" data-element_type=\"widget\" data-e-type=\"widget\" data-widget_type=\"aux_modern_heading.default\">\n\t\t\t\t<div class=\"elementor-widget-container\">\n\t\t\t\t\t<section class=\"aux-widget-modern-heading\">\n            <div class=\"aux-widget-inner\"><h2 class=\"aux-modern-heading-primary\">Vincent Liem de la Paix<\/h2><h3 class=\"aux-modern-heading-secondary\"><span class=\"aux-head-before\">\u00b0 Tra Lu, Vietnam 1732 \u2013 \u2020 Kien Nam 1773<\/span><\/h3><div class=\"aux-modern-heading-divider\"><\/div><div class=\"aux-modern-heading-description\"><p>Vincent Liem de la Paz naquit en 1732 dans une famille chr\u00e9tienne \u00e0 Tr\u00e0 L\u1ed9, dans le nord du Vietnam actuel (alors le Tonkin). Jeune homme, il obtint une bourse pour \u00e9tudier \u00e0 l'universit\u00e9 de Santo Tomas \u00e0 Manille.<br> Apr\u00e8s ses \u00e9tudes, il entra dans l'Ordre des Pr\u00eacheurs, fut ordonn\u00e9 pr\u00eatre et retourna dans son pays natal en 1759 pour y entreprendre un travail missionnaire. En raison de ses activit\u00e9s de pr\u00e9dication, il fut arr\u00eat\u00e9 en 1773 et condamn\u00e9 \u00e0 mort. Avec son fr\u00e8re Jacinto Casta\u00f1eda et d'autres missionnaires chr\u00e9tiens, il fut ex\u00e9cut\u00e9 le 7 novembre 1773. L'\u0153uvre repr\u00e9sente ses compagnons martyrs.         <\/p><p>Entre 1856 et 1862, les chr\u00e9tiens du Tonkin central, et en particulier les Dominicains, furent frapp\u00e9s par une nouvelle pers\u00e9cution, au cours de laquelle 24 fr\u00e8res furent tortur\u00e9s et ex\u00e9cut\u00e9s.<br> Entre 1739 et 1862, pr\u00e8s de 130 000 chr\u00e9tiens sont morts au Vietnam des suites de pers\u00e9cutions. 1988. En 2011, le pape Jean-Paul II a canonis\u00e9 117 martyrs vietnamiens, dont Vincent Liem et ses compagnons d'armes ex\u00e9cut\u00e9s avec lui. <\/p><\/div><\/div>\n        <\/section>\t\t\t\t<\/div>\n\t\t\t\t<\/div>\n\t\t\t\t<\/div>\n\t\t<div class=\"elementor-element elementor-element-9a4430c aux-appear-watch-animation aux-scale-down e-con-full e-flex e-con e-child\" data-id=\"9a4430c\" data-element_type=\"container\" data-e-type=\"container\">\n\t\t\t\t<div class=\"elementor-element elementor-element-46c0b7d elementor-widget elementor-widget-aux_image\" data-id=\"46c0b7d\" data-element_type=\"widget\" data-e-type=\"widget\" data-widget_type=\"aux_image.default\">\n\t\t\t\t<div class=\"elementor-widget-container\">\n\t\t\t\t\t<section class=\"widget-container aux-widget-image aux-alignnone aux-parent-au42c040c3\">\n    <div class=\"aux-media-hint-frame \">\n        <div class=\"aux-media-image \" >\n        \n            \n\n            \n            <img fetchpriority=\"high\" decoding=\"async\" width=\"1638\" height=\"1093\" src=\"data:image\/gif;base64,R0lGODlhAQABAIAAAAAAAP\/\/\/yH5BAEAAAAALAAAAAABAAEAAAIBRAA7\" class=\"aux-attachment aux-featured-image aux-attachment-id-4821 aux-preload aux-blank\" alt=\"Vincent Liem_v\" data-ratio=\"1.5\" data-original-w=\"1638\" data-src=\"https:\/\/dominiiklased.ee\/wp-content\/uploads\/2026\/03\/Vincent-Liem_v.jpg\" \/>            \n                <\/div>\n    <\/div>\n\n<\/section><!-- widget-container -->\t\t\t\t<\/div>\n\t\t\t\t<\/div>\n\t\t\t\t<div class=\"elementor-element elementor-element-b9e9115 elementor-widget elementor-widget-heading\" data-id=\"b9e9115\" data-element_type=\"widget\" data-e-type=\"widget\" data-widget_type=\"heading.default\">\n\t\t\t\t<div class=\"elementor-widget-container\">\n\t\t\t\t\t<h2 class=\"elementor-heading-title elementor-size-default\">Kai Kiudsoo - Peinture, peinture sur verre et fusion<\/h2>\t\t\t\t<\/div>\n\t\t\t\t<\/div>\n\t\t\t\t<\/div>\n\t\t\t\t\t<\/div>\n\t\t\t\t<\/div>\n\t\t\t\t<\/div>\n\t\t","protected":false},"excerpt":{"rendered":"<p>Nos mod\u00e8les Agn\u00e8s de Langeac Jos\u00e9 \u00c1lavrez Fern\u00e0ndez Teresa Chikaba Titus Horten Marie Joseph Lagrange Vincent Liem of Peace Juan Macias Giorgio La Pira Franciscus de Vitoria Samuel Mazzuchelli Vincent Liem de la Paix \u00b0 Tra Lu, Vietnam 1732 \u2013 \u2020 Kien Nam 1773 Vincent Liem de la Paz naquit en 1732 dans une famille [&hellip;]<\/p>\n","protected":false},"author":1,"featured_media":0,"parent":0,"menu_order":0,"comment_status":"closed","ping_status":"closed","template":"templates\/page-builder-content.php","meta":{"footnotes":""},"class_list":["post-1739","page","type-page","status-publish","hentry"],"_links":{"self":[{"href":"https:\/\/dominiiklased.ee\/fr\/wp-json\/wp\/v2\/pages\/1739","targetHints":{"allow":["GET"]}}],"collection":[{"href":"https:\/\/dominiiklased.ee\/fr\/wp-json\/wp\/v2\/pages"}],"about":[{"href":"https:\/\/dominiiklased.ee\/fr\/wp-json\/wp\/v2\/types\/page"}],"author":[{"embeddable":true,"href":"https:\/\/dominiiklased.ee\/fr\/wp-json\/wp\/v2\/users\/1"}],"replies":[{"embeddable":true,"href":"https:\/\/dominiiklased.ee\/fr\/wp-json\/wp\/v2\/comments?post=1739"}],"version-history":[{"count":9,"href":"https:\/\/dominiiklased.ee\/fr\/wp-json\/wp\/v2\/pages\/1739\/revisions"}],"predecessor-version":[{"id":4956,"href":"https:\/\/dominiiklased.ee\/fr\/wp-json\/wp\/v2\/pages\/1739\/revisions\/4956"}],"wp:attachment":[{"href":"https:\/\/dominiiklased.ee\/fr\/wp-json\/wp\/v2\/media?parent=1739"}],"curies":[{"name":"wp","href":"https:\/\/api.w.org\/{rel}","templated":true}]}}

<div data-elementor-type="wp-page" data-elementor-id="1739" class="elementor elementor-1739 elementor-669">
				<div class="aux-parallax-section elementor-element elementor-element-2284ac6 e-flex e-con-boxed e-con e-parent" data-id="2284ac6" data-element_type="container" data-e-type="container">
					<div class="e-con-inner">
				<div class="elementor-element elementor-element-51ccffe elementor-widget elementor-widget-heading" data-id="51ccffe" data-element_type="widget" data-e-type="widget" data-widget_type="heading.default">
				<div class="elementor-widget-container">
					<h2 class="elementor-heading-title elementor-size-default">Nos modèles</h2>				</div>
				</div>
				<div class="elementor-element elementor-element-0bb9e25 elementor-widget elementor-widget-aux_menu_box" data-id="0bb9e25" data-element_type="widget" data-e-type="widget" data-widget_type="aux_menu_box.default">
				<div class="elementor-widget-container">
					<div class="aux-elementor-header-menu aux-nav-menu-element aux-nav-menu-element-0bb9e25"><div class="aux-burger-box" data-target-panel="toggle-bar" data-target-content=".elementor-element-0bb9e25 .aux-master-menu"><div class="aux-burger aux-lite-small"><span class="mid-line"></span></div></div><!-- start master menu -->
<nav id="master-menu-elementor-0bb9e25" class="menu-dominikaanlased-francais-container">

	<ul id="menu-dominikaanlased-francais" class="aux-master-menu aux-no-js aux-skin-classic aux-with-indicator aux-with-splitter aux-horizontal" data-type="horizontal"  data-switch-type="toggle" data-switch-parent=".elementor-element-0bb9e25 .aux-toggle-menu-bar" data-switch-width="115"  >
		<!-- start single menu -->
		<li id="menu-item-1837" class="menu-item menu-item-type-post_type menu-item-object-page menu-item-1837 aux-menu-depth-0 aux-menu-root-1 aux-menu-item">
			<a href="https://dominiiklased.ee/fr/bienheureuse-agnes-de-langeac/" class="aux-item-content">
				<span class="aux-menu-label">Bienheureuse Agnès de Langeac</span>
			</a>
		</li>
		<!-- end single menu -->
		<!-- start single menu -->
		<li id="menu-item-1838" class="menu-item menu-item-type-post_type menu-item-object-page menu-item-1838 aux-menu-depth-0 aux-menu-root-2 aux-menu-item">
			<a href="https://dominiiklased.ee/fr/jose-alvarez-fernandez/" class="aux-item-content">
				<span class="aux-menu-label">José Alvarez Fernandez</span>
			</a>
		</li>
		<!-- end single menu -->
		<!-- start single menu -->
		<li id="menu-item-1839" class="menu-item menu-item-type-post_type menu-item-object-page menu-item-1839 aux-menu-depth-0 aux-menu-root-3 aux-menu-item">
			<a href="https://dominiiklased.ee/fr/therese-chikaba/" class="aux-item-content">
				<span class="aux-menu-label">Teresa Chikaba</span>
			</a>
		</li>
		<!-- end single menu -->
		<!-- start single menu -->
		<li id="menu-item-1840" class="menu-item menu-item-type-post_type menu-item-object-page menu-item-1840 aux-menu-depth-0 aux-menu-root-4 aux-menu-item">
			<a href="https://dominiiklased.ee/fr/titus-horten/" class="aux-item-content">
				<span class="aux-menu-label">Titus Horten</span>
			</a>
		</li>
		<!-- end single menu -->
		<!-- start single menu -->
		<li id="menu-item-1841" class="menu-item menu-item-type-post_type menu-item-object-page menu-item-1841 aux-menu-depth-0 aux-menu-root-5 aux-menu-item">
			<a href="https://dominiiklased.ee/fr/marie-joseph-lagrange/" class="aux-item-content">
				<span class="aux-menu-label">Marie Joseph Lagrange</span>
			</a>
		</li>
		<!-- end single menu -->
		<!-- start single menu -->
		<li id="menu-item-1852" class="menu-item menu-item-type-post_type menu-item-object-page menu-item-1852 aux-menu-depth-0 aux-menu-root-6 aux-menu-item">
			<a href="https://dominiiklased.ee/fr/vincent-liem-de-la-paix/" class="aux-item-content">
				<span class="aux-menu-label">Vincent Liem de la Paix</span>
			</a>
		</li>
		<!-- end single menu -->
		<!-- start single menu -->
		<li id="menu-item-1853" class="menu-item menu-item-type-post_type menu-item-object-page menu-item-1853 aux-menu-depth-0 aux-menu-root-7 aux-menu-item">
			<a href="https://dominiiklased.ee/fr/juan-macias/" class="aux-item-content">
				<span class="aux-menu-label">Juan Macias</span>
			</a>
		</li>
		<!-- end single menu -->
		<!-- start single menu -->
		<li id="menu-item-1854" class="menu-item menu-item-type-post_type menu-item-object-page menu-item-1854 aux-menu-depth-0 aux-menu-root-8 aux-menu-item">
			<a href="https://dominiiklased.ee/fr/giorgio-la-pira/" class="aux-item-content">
				<span class="aux-menu-label">Giorgio La Pira</span>
			</a>
		</li>
		<!-- end single menu -->
		<!-- start single menu -->
		<li id="menu-item-1855" class="menu-item menu-item-type-post_type menu-item-object-page menu-item-1855 aux-menu-depth-0 aux-menu-root-9 aux-menu-item">
			<a href="https://dominiiklased.ee/fr/francois-de-vitoria/" class="aux-item-content">
				<span class="aux-menu-label">Franciso de Vitoria</span>
			</a>
		</li>
		<!-- end single menu -->
	</ul>

</nav>
<!-- end master menu -->
<div class="aux-toggle-menu-bar"></div></div><style>@media only screen and (min-width: 116px) { .elementor-element-0bb9e25 .aux-burger-box { display: none } }</style>				</div>
				</div>
					</div>
				</div>
		<div class="aux-parallax-section elementor-element elementor-element-c41fd24 e-flex e-con-boxed e-con e-parent" data-id="c41fd24" data-element_type="container" data-e-type="container">
					<div class="e-con-inner">
		<div class="elementor-element elementor-element-f8c7192 e-con-full e-flex e-con e-child" data-id="f8c7192" data-element_type="container" data-e-type="container">
				<div class="elementor-element elementor-element-c99461e aux-appear-watch-animation aux-fade-in-up elementor-widget elementor-widget-aux_modern_heading" data-id="c99461e" data-element_type="widget" data-e-type="widget" data-widget_type="aux_modern_heading.default">
				<div class="elementor-widget-container">
					<section class="aux-widget-modern-heading">
            <div class="aux-widget-inner"><h2 class="aux-modern-heading-primary">Vincent Liem de la Paix</h2><h3 class="aux-modern-heading-secondary"><span class="aux-head-before">° Tra Lu, Vietnam 1732 – † Kien Nam 1773</span></h3><div class="aux-modern-heading-divider"></div><div class="aux-modern-heading-description"><p>Vincent Liem de la Paz naquit en 1732 dans une famille chrétienne à Trà Lộ, dans le nord du Vietnam actuel (alors le Tonkin). Jeune homme, il obtint une bourse pour étudier à l'université de Santo Tomas à Manille.<br> Après ses études, il entra dans l'Ordre des Prêcheurs, fut ordonné prêtre et retourna dans son pays natal en 1759 pour y entreprendre un travail missionnaire. En raison de ses activités de prédication, il fut arrêté en 1773 et condamné à mort. Avec son frère Jacinto Castañeda et d'autres missionnaires chrétiens, il fut exécuté le 7 novembre 1773. L'œuvre représente ses compagnons martyrs.         </p><p>Entre 1856 et 1862, les chrétiens du Tonkin central, et en particulier les Dominicains, furent frappés par une nouvelle persécution, au cours de laquelle 24 frères furent torturés et exécutés.<br> Entre 1739 et 1862, près de 130 000 chrétiens sont morts au Vietnam des suites de persécutions. 1988. En 2011, le pape Jean-Paul II a canonisé 117 martyrs vietnamiens, dont Vincent Liem et ses compagnons d'armes exécutés avec lui. </p></div></div>
        </section>				</div>
				</div>
				</div>
		<div class="elementor-element elementor-element-9a4430c aux-appear-watch-animation aux-scale-down e-con-full e-flex e-con e-child" data-id="9a4430c" data-element_type="container" data-e-type="container">
				<div class="elementor-element elementor-element-46c0b7d elementor-widget elementor-widget-aux_image" data-id="46c0b7d" data-element_type="widget" data-e-type="widget" data-widget_type="aux_image.default">
				<div class="elementor-widget-container">
					<section class="widget-container aux-widget-image aux-alignnone aux-parent-au42c040c3">
    <div class="aux-media-hint-frame ">
        <div class="aux-media-image " >
        
            

            
            <img fetchpriority="high" decoding="async" width="1638" height="1093" src="data:image/gif;base64,R0lGODlhAQABAIAAAAAAAP///yH5BAEAAAAALAAAAAABAAEAAAIBRAA7" class="aux-attachment aux-featured-image aux-attachment-id-4821 aux-preload aux-blank" alt="Vincent Liem_v" data-ratio="1.5" data-original-w="1638" data-src="https://dominiiklased.ee/wp-content/uploads/2026/03/Vincent-Liem_v.jpg" />            
                </div>
    </div>

</section><!-- widget-container -->				</div>
				</div>
				<div class="elementor-element elementor-element-b9e9115 elementor-widget elementor-widget-heading" data-id="b9e9115" data-element_type="widget" data-e-type="widget" data-widget_type="heading.default">
				<div class="elementor-widget-container">
					<h2 class="elementor-heading-title elementor-size-default">Kai Kiudsoo - Peinture, peinture sur verre et fusion</h2>				</div>
				</div>
				</div>
					</div>
				</div>
				</div>

<p>Nos modèles Agnès de Langeac José Álavrez Fernàndez Teresa Chikaba Titus Horten Marie Joseph Lagrange Vincent Liem of Peace Juan Macias Giorgio La Pira Franciscus de Vitoria Samuel Mazzuchelli Vincent Liem de la Paix ° Tra Lu, Vietnam 1732 – † Kien Nam 1773 Vincent Liem de la Paz naquit en 1732 dans une famille [&hellip;]</p>
