{"id":1707,"date":"2025-02-28T20:38:44","date_gmt":"2025-02-28T18:38:44","guid":{"rendered":"https:\/\/dominiiklased.ee\/titus-horten\/"},"modified":"2026-03-22T20:40:56","modified_gmt":"2026-03-22T18:40:56","slug":"titus-horten","status":"publish","type":"page","link":"https:\/\/dominiiklased.ee\/fr\/titus-horten\/","title":{"rendered":"Titus Horten"},"content":{"rendered":"\t\t<div data-elementor-type=\"wp-page\" data-elementor-id=\"1707\" class=\"elementor elementor-1707 elementor-658\">\n\t\t\t\t<div class=\"aux-parallax-section elementor-element elementor-element-2284ac6 e-flex e-con-boxed e-con e-parent\" data-id=\"2284ac6\" data-element_type=\"container\" data-e-type=\"container\">\n\t\t\t\t\t<div class=\"e-con-inner\">\n\t\t\t\t<div class=\"elementor-element elementor-element-51ccffe elementor-widget elementor-widget-heading\" data-id=\"51ccffe\" data-element_type=\"widget\" data-e-type=\"widget\" data-widget_type=\"heading.default\">\n\t\t\t\t<div class=\"elementor-widget-container\">\n\t\t\t\t\t<h2 class=\"elementor-heading-title elementor-size-default\">Nos mod\u00e8les<\/h2>\t\t\t\t<\/div>\n\t\t\t\t<\/div>\n\t\t\t\t<div class=\"elementor-element elementor-element-0bb9e25 elementor-widget elementor-widget-aux_menu_box\" data-id=\"0bb9e25\" data-element_type=\"widget\" data-e-type=\"widget\" data-widget_type=\"aux_menu_box.default\">\n\t\t\t\t<div class=\"elementor-widget-container\">\n\t\t\t\t\t<div class=\"aux-elementor-header-menu aux-nav-menu-element aux-nav-menu-element-0bb9e25\"><div class=\"aux-burger-box\" data-target-panel=\"toggle-bar\" data-target-content=\".elementor-element-0bb9e25 .aux-master-menu\"><div class=\"aux-burger aux-lite-small\"><span class=\"mid-line\"><\/span><\/div><\/div><!-- start master menu -->\n<nav id=\"master-menu-elementor-0bb9e25\" class=\"menu-dominikaanlased-francais-container\">\n\n\t<ul id=\"menu-dominikaanlased-francais\" class=\"aux-master-menu aux-no-js aux-skin-classic aux-with-indicator aux-with-splitter aux-horizontal\" data-type=\"horizontal\"  data-switch-type=\"toggle\" data-switch-parent=\".elementor-element-0bb9e25 .aux-toggle-menu-bar\" data-switch-width=\"115\"  >\n\t\t<!-- start single menu -->\n\t\t<li id=\"menu-item-1837\" class=\"menu-item menu-item-type-post_type menu-item-object-page menu-item-1837 aux-menu-depth-0 aux-menu-root-1 aux-menu-item\">\n\t\t\t<a href=\"https:\/\/dominiiklased.ee\/fr\/bienheureuse-agnes-de-langeac\/\" class=\"aux-item-content\">\n\t\t\t\t<span class=\"aux-menu-label\">Bienheureuse Agn\u00e8s de Langeac<\/span>\n\t\t\t<\/a>\n\t\t<\/li>\n\t\t<!-- end single menu -->\n\t\t<!-- start single menu -->\n\t\t<li id=\"menu-item-1838\" class=\"menu-item menu-item-type-post_type menu-item-object-page menu-item-1838 aux-menu-depth-0 aux-menu-root-2 aux-menu-item\">\n\t\t\t<a href=\"https:\/\/dominiiklased.ee\/fr\/jose-alvarez-fernandez\/\" class=\"aux-item-content\">\n\t\t\t\t<span class=\"aux-menu-label\">Jos\u00e9 Alvarez Fernandez<\/span>\n\t\t\t<\/a>\n\t\t<\/li>\n\t\t<!-- end single menu -->\n\t\t<!-- start single menu -->\n\t\t<li id=\"menu-item-1839\" class=\"menu-item menu-item-type-post_type menu-item-object-page menu-item-1839 aux-menu-depth-0 aux-menu-root-3 aux-menu-item\">\n\t\t\t<a href=\"https:\/\/dominiiklased.ee\/fr\/therese-chikaba\/\" class=\"aux-item-content\">\n\t\t\t\t<span class=\"aux-menu-label\">Teresa Chikaba<\/span>\n\t\t\t<\/a>\n\t\t<\/li>\n\t\t<!-- end single menu -->\n\t\t<!-- start single menu -->\n\t\t<li id=\"menu-item-1840\" class=\"menu-item menu-item-type-post_type menu-item-object-page menu-item-1840 aux-menu-depth-0 aux-menu-root-4 aux-menu-item\">\n\t\t\t<a href=\"https:\/\/dominiiklased.ee\/fr\/titus-horten\/\" class=\"aux-item-content\">\n\t\t\t\t<span class=\"aux-menu-label\">Titus Horten<\/span>\n\t\t\t<\/a>\n\t\t<\/li>\n\t\t<!-- end single menu -->\n\t\t<!-- start single menu -->\n\t\t<li id=\"menu-item-1841\" class=\"menu-item menu-item-type-post_type menu-item-object-page menu-item-1841 aux-menu-depth-0 aux-menu-root-5 aux-menu-item\">\n\t\t\t<a href=\"https:\/\/dominiiklased.ee\/fr\/marie-joseph-lagrange\/\" class=\"aux-item-content\">\n\t\t\t\t<span class=\"aux-menu-label\">Marie Joseph Lagrange<\/span>\n\t\t\t<\/a>\n\t\t<\/li>\n\t\t<!-- end single menu -->\n\t\t<!-- start single menu -->\n\t\t<li id=\"menu-item-1852\" class=\"menu-item menu-item-type-post_type menu-item-object-page menu-item-1852 aux-menu-depth-0 aux-menu-root-6 aux-menu-item\">\n\t\t\t<a href=\"https:\/\/dominiiklased.ee\/fr\/vincent-liem-de-la-paix\/\" class=\"aux-item-content\">\n\t\t\t\t<span class=\"aux-menu-label\">Vincent Liem de la Paix<\/span>\n\t\t\t<\/a>\n\t\t<\/li>\n\t\t<!-- end single menu -->\n\t\t<!-- start single menu -->\n\t\t<li id=\"menu-item-1853\" class=\"menu-item menu-item-type-post_type menu-item-object-page menu-item-1853 aux-menu-depth-0 aux-menu-root-7 aux-menu-item\">\n\t\t\t<a href=\"https:\/\/dominiiklased.ee\/fr\/juan-macias\/\" class=\"aux-item-content\">\n\t\t\t\t<span class=\"aux-menu-label\">Juan Macias<\/span>\n\t\t\t<\/a>\n\t\t<\/li>\n\t\t<!-- end single menu -->\n\t\t<!-- start single menu -->\n\t\t<li id=\"menu-item-1854\" class=\"menu-item menu-item-type-post_type menu-item-object-page menu-item-1854 aux-menu-depth-0 aux-menu-root-8 aux-menu-item\">\n\t\t\t<a href=\"https:\/\/dominiiklased.ee\/fr\/giorgio-la-pira\/\" class=\"aux-item-content\">\n\t\t\t\t<span class=\"aux-menu-label\">Giorgio La Pira<\/span>\n\t\t\t<\/a>\n\t\t<\/li>\n\t\t<!-- end single menu -->\n\t\t<!-- start single menu -->\n\t\t<li id=\"menu-item-1855\" class=\"menu-item menu-item-type-post_type menu-item-object-page menu-item-1855 aux-menu-depth-0 aux-menu-root-9 aux-menu-item\">\n\t\t\t<a href=\"https:\/\/dominiiklased.ee\/fr\/francois-de-vitoria\/\" class=\"aux-item-content\">\n\t\t\t\t<span class=\"aux-menu-label\">Franciso de Vitoria<\/span>\n\t\t\t<\/a>\n\t\t<\/li>\n\t\t<!-- end single menu -->\n\t<\/ul>\n\n<\/nav>\n<!-- end master menu -->\n<div class=\"aux-toggle-menu-bar\"><\/div><\/div><style>@media only screen and (min-width: 116px) { .elementor-element-0bb9e25 .aux-burger-box { display: none } }<\/style>\t\t\t\t<\/div>\n\t\t\t\t<\/div>\n\t\t\t\t\t<\/div>\n\t\t\t\t<\/div>\n\t\t<div class=\"aux-parallax-section elementor-element elementor-element-c41fd24 e-flex e-con-boxed e-con e-parent\" data-id=\"c41fd24\" data-element_type=\"container\" data-e-type=\"container\">\n\t\t\t\t\t<div class=\"e-con-inner\">\n\t\t<div class=\"elementor-element elementor-element-f8c7192 e-con-full e-flex e-con e-child\" data-id=\"f8c7192\" data-element_type=\"container\" data-e-type=\"container\">\n\t\t\t\t<div class=\"elementor-element elementor-element-c99461e aux-appear-watch-animation aux-fade-in-up elementor-widget elementor-widget-aux_modern_heading\" data-id=\"c99461e\" data-element_type=\"widget\" data-e-type=\"widget\" data-widget_type=\"aux_modern_heading.default\">\n\t\t\t\t<div class=\"elementor-widget-container\">\n\t\t\t\t\t<section class=\"aux-widget-modern-heading\">\n            <div class=\"aux-widget-inner\"><h2 class=\"aux-modern-heading-primary\">Titus Horten<\/h2><h3 class=\"aux-modern-heading-secondary\"><span class=\"aux-head-before\"> \u00b0 Wuppertal 1882 \u2013 \u2020 Oldenburg 1936<\/span><\/h3><div class=\"aux-modern-heading-divider\"><\/div><div class=\"aux-modern-heading-description\"><p>Franz Horten a grandi dans une famille catholique et a \u00e9tudi\u00e9 l'anglais et le fran\u00e7ais dans plusieurs universit\u00e9s europ\u00e9ennes, obtenant un doctorat \u00e0 Bonn.<br> En 1909, il entra dans l'Ordre <strong>des<\/strong> Martyrs et prit le nom de <em>Titus Maria<\/em> . Apr\u00e8s avoir \u00e9t\u00e9 ordonn\u00e9 pr\u00eatre \u00e0 Rome, il exer\u00e7a son minist\u00e8re au monast\u00e8re de D\u00fcsseldorf, o\u00f9 il soigna les soldats bless\u00e9s, le monast\u00e8re ayant \u00e9t\u00e9 transform\u00e9 en h\u00f4pital militaire pendant la Premi\u00e8re Guerre mondiale. <\/p><p>Il enseigna ensuite les langues \u00e9trang\u00e8res \u00e0 l'\u00e9cole dominicaine de Vechta et devint, en 1923, directeur de la maison d'\u00e9dition Albertus Magnus. Lorsque le r\u00e9gime nazi consolida son pouvoir en Allemagne, la maison d'\u00e9dition fut pers\u00e9cut\u00e9e. Titus Maria Horten fut arr\u00eat\u00e9 en 1935 et mourut en prison un an plus tard, apparemment des suites de malnutrition et d'isolement.    <\/p><p>Apr\u00e8s sa mort, la d\u00e9pouille de Titus Horten a \u00e9t\u00e9 transf\u00e9r\u00e9e \u00e0 la chapelle de l'\u00e9cole dominicaine de Vechta. Son proc\u00e8s en b\u00e9atification est en cours. <\/p><p><span style=\"font-weight: 400\">Bibliographie:  <\/span><\/p><p><span style=\"font-weight: 400\">Ulrich Schulte (\u00e9d.) : P. Titus Horten OP. Ein Ordensmann dans le Reich Dritten. (Domininikanische Quellen und Zeugnisse, bande 12). St.Benno Verlag, Leipzig 2008&nbsp;;     <\/span><\/p><p><span style=\"font-weight: 400\">Ludger Fortmann : Pater Titus Horten (1882-1936). Herder, Fribourg 2015. <\/span><\/p><\/div><\/div>\n        <\/section>\t\t\t\t<\/div>\n\t\t\t\t<\/div>\n\t\t\t\t<\/div>\n\t\t<div class=\"elementor-element elementor-element-9a4430c aux-appear-watch-animation aux-scale-down e-con-full e-flex e-con e-child\" data-id=\"9a4430c\" data-element_type=\"container\" data-e-type=\"container\">\n\t\t\t\t<div class=\"elementor-element elementor-element-46c0b7d elementor-widget elementor-widget-aux_image\" data-id=\"46c0b7d\" data-element_type=\"widget\" data-e-type=\"widget\" data-widget_type=\"aux_image.default\">\n\t\t\t\t<div class=\"elementor-widget-container\">\n\t\t\t\t\t<section class=\"widget-container aux-widget-image aux-alignnone aux-parent-au88728ce1\">\n    <div class=\"aux-media-hint-frame \">\n        <div class=\"aux-media-image \" >\n        \n            \n\n            \n            <img fetchpriority=\"high\" decoding=\"async\" width=\"403\" height=\"580\" src=\"data:image\/gif;base64,R0lGODlhAQABAIAAAAAAAP\/\/\/yH5BAEAAAAALAAAAAABAAEAAAIBRAA7\" class=\"aux-attachment aux-featured-image aux-attachment-id-550 aux-preload aux-blank\" alt=\"Titus Horten 1\" data-ratio=\"0.69\" data-original-w=\"403\" data-src=\"https:\/\/dominiiklased.ee\/wp-content\/uploads\/2025\/02\/Titus-Horten-1.jpeg\" \/>            \n                <\/div>\n    <\/div>\n\n<\/section><!-- widget-container -->\t\t\t\t<\/div>\n\t\t\t\t<\/div>\n\t\t\t\t<\/div>\n\t\t\t\t\t<\/div>\n\t\t\t\t<\/div>\n\t\t\t\t<\/div>\n\t\t","protected":false},"excerpt":{"rendered":"<p>Nos mod\u00e8les Agn\u00e8s de Langeac Jos\u00e9 \u00c1lavrez Fern\u00e0ndez Teresa Chikaba Titus Horten Marie Joseph Lagrange Vincent Liem of Peace Juan Macias Giorgio La Pira Franciscus de Vitoria Samuel Mazzuchelli Titus Horten \u00b0 Wuppertal 1882 \u2013 \u2020 Oldenburg 1936 Franz Horten a grandi dans une famille catholique et a \u00e9tudi\u00e9 l&rsquo;anglais et le fran\u00e7ais dans plusieurs [&hellip;]<\/p>\n","protected":false},"author":1,"featured_media":0,"parent":0,"menu_order":0,"comment_status":"closed","ping_status":"closed","template":"templates\/page-builder-content.php","meta":{"footnotes":""},"class_list":["post-1707","page","type-page","status-publish","hentry"],"_links":{"self":[{"href":"https:\/\/dominiiklased.ee\/fr\/wp-json\/wp\/v2\/pages\/1707","targetHints":{"allow":["GET"]}}],"collection":[{"href":"https:\/\/dominiiklased.ee\/fr\/wp-json\/wp\/v2\/pages"}],"about":[{"href":"https:\/\/dominiiklased.ee\/fr\/wp-json\/wp\/v2\/types\/page"}],"author":[{"embeddable":true,"href":"https:\/\/dominiiklased.ee\/fr\/wp-json\/wp\/v2\/users\/1"}],"replies":[{"embeddable":true,"href":"https:\/\/dominiiklased.ee\/fr\/wp-json\/wp\/v2\/comments?post=1707"}],"version-history":[{"count":15,"href":"https:\/\/dominiiklased.ee\/fr\/wp-json\/wp\/v2\/pages\/1707\/revisions"}],"predecessor-version":[{"id":4942,"href":"https:\/\/dominiiklased.ee\/fr\/wp-json\/wp\/v2\/pages\/1707\/revisions\/4942"}],"wp:attachment":[{"href":"https:\/\/dominiiklased.ee\/fr\/wp-json\/wp\/v2\/media?parent=1707"}],"curies":[{"name":"wp","href":"https:\/\/api.w.org\/{rel}","templated":true}]}}

<div data-elementor-type="wp-page" data-elementor-id="1707" class="elementor elementor-1707 elementor-658">
				<div class="aux-parallax-section elementor-element elementor-element-2284ac6 e-flex e-con-boxed e-con e-parent" data-id="2284ac6" data-element_type="container" data-e-type="container">
					<div class="e-con-inner">
				<div class="elementor-element elementor-element-51ccffe elementor-widget elementor-widget-heading" data-id="51ccffe" data-element_type="widget" data-e-type="widget" data-widget_type="heading.default">
				<div class="elementor-widget-container">
					<h2 class="elementor-heading-title elementor-size-default">Nos modèles</h2>				</div>
				</div>
				<div class="elementor-element elementor-element-0bb9e25 elementor-widget elementor-widget-aux_menu_box" data-id="0bb9e25" data-element_type="widget" data-e-type="widget" data-widget_type="aux_menu_box.default">
				<div class="elementor-widget-container">
					<div class="aux-elementor-header-menu aux-nav-menu-element aux-nav-menu-element-0bb9e25"><div class="aux-burger-box" data-target-panel="toggle-bar" data-target-content=".elementor-element-0bb9e25 .aux-master-menu"><div class="aux-burger aux-lite-small"><span class="mid-line"></span></div></div><!-- start master menu -->
<nav id="master-menu-elementor-0bb9e25" class="menu-dominikaanlased-francais-container">

	<ul id="menu-dominikaanlased-francais" class="aux-master-menu aux-no-js aux-skin-classic aux-with-indicator aux-with-splitter aux-horizontal" data-type="horizontal"  data-switch-type="toggle" data-switch-parent=".elementor-element-0bb9e25 .aux-toggle-menu-bar" data-switch-width="115"  >
		<!-- start single menu -->
		<li id="menu-item-1837" class="menu-item menu-item-type-post_type menu-item-object-page menu-item-1837 aux-menu-depth-0 aux-menu-root-1 aux-menu-item">
			<a href="https://dominiiklased.ee/fr/bienheureuse-agnes-de-langeac/" class="aux-item-content">
				<span class="aux-menu-label">Bienheureuse Agnès de Langeac</span>
			</a>
		</li>
		<!-- end single menu -->
		<!-- start single menu -->
		<li id="menu-item-1838" class="menu-item menu-item-type-post_type menu-item-object-page menu-item-1838 aux-menu-depth-0 aux-menu-root-2 aux-menu-item">
			<a href="https://dominiiklased.ee/fr/jose-alvarez-fernandez/" class="aux-item-content">
				<span class="aux-menu-label">José Alvarez Fernandez</span>
			</a>
		</li>
		<!-- end single menu -->
		<!-- start single menu -->
		<li id="menu-item-1839" class="menu-item menu-item-type-post_type menu-item-object-page menu-item-1839 aux-menu-depth-0 aux-menu-root-3 aux-menu-item">
			<a href="https://dominiiklased.ee/fr/therese-chikaba/" class="aux-item-content">
				<span class="aux-menu-label">Teresa Chikaba</span>
			</a>
		</li>
		<!-- end single menu -->
		<!-- start single menu -->
		<li id="menu-item-1840" class="menu-item menu-item-type-post_type menu-item-object-page menu-item-1840 aux-menu-depth-0 aux-menu-root-4 aux-menu-item">
			<a href="https://dominiiklased.ee/fr/titus-horten/" class="aux-item-content">
				<span class="aux-menu-label">Titus Horten</span>
			</a>
		</li>
		<!-- end single menu -->
		<!-- start single menu -->
		<li id="menu-item-1841" class="menu-item menu-item-type-post_type menu-item-object-page menu-item-1841 aux-menu-depth-0 aux-menu-root-5 aux-menu-item">
			<a href="https://dominiiklased.ee/fr/marie-joseph-lagrange/" class="aux-item-content">
				<span class="aux-menu-label">Marie Joseph Lagrange</span>
			</a>
		</li>
		<!-- end single menu -->
		<!-- start single menu -->
		<li id="menu-item-1852" class="menu-item menu-item-type-post_type menu-item-object-page menu-item-1852 aux-menu-depth-0 aux-menu-root-6 aux-menu-item">
			<a href="https://dominiiklased.ee/fr/vincent-liem-de-la-paix/" class="aux-item-content">
				<span class="aux-menu-label">Vincent Liem de la Paix</span>
			</a>
		</li>
		<!-- end single menu -->
		<!-- start single menu -->
		<li id="menu-item-1853" class="menu-item menu-item-type-post_type menu-item-object-page menu-item-1853 aux-menu-depth-0 aux-menu-root-7 aux-menu-item">
			<a href="https://dominiiklased.ee/fr/juan-macias/" class="aux-item-content">
				<span class="aux-menu-label">Juan Macias</span>
			</a>
		</li>
		<!-- end single menu -->
		<!-- start single menu -->
		<li id="menu-item-1854" class="menu-item menu-item-type-post_type menu-item-object-page menu-item-1854 aux-menu-depth-0 aux-menu-root-8 aux-menu-item">
			<a href="https://dominiiklased.ee/fr/giorgio-la-pira/" class="aux-item-content">
				<span class="aux-menu-label">Giorgio La Pira</span>
			</a>
		</li>
		<!-- end single menu -->
		<!-- start single menu -->
		<li id="menu-item-1855" class="menu-item menu-item-type-post_type menu-item-object-page menu-item-1855 aux-menu-depth-0 aux-menu-root-9 aux-menu-item">
			<a href="https://dominiiklased.ee/fr/francois-de-vitoria/" class="aux-item-content">
				<span class="aux-menu-label">Franciso de Vitoria</span>
			</a>
		</li>
		<!-- end single menu -->
	</ul>

</nav>
<!-- end master menu -->
<div class="aux-toggle-menu-bar"></div></div><style>@media only screen and (min-width: 116px) { .elementor-element-0bb9e25 .aux-burger-box { display: none } }</style>				</div>
				</div>
					</div>
				</div>
		<div class="aux-parallax-section elementor-element elementor-element-c41fd24 e-flex e-con-boxed e-con e-parent" data-id="c41fd24" data-element_type="container" data-e-type="container">
					<div class="e-con-inner">
		<div class="elementor-element elementor-element-f8c7192 e-con-full e-flex e-con e-child" data-id="f8c7192" data-element_type="container" data-e-type="container">
				<div class="elementor-element elementor-element-c99461e aux-appear-watch-animation aux-fade-in-up elementor-widget elementor-widget-aux_modern_heading" data-id="c99461e" data-element_type="widget" data-e-type="widget" data-widget_type="aux_modern_heading.default">
				<div class="elementor-widget-container">
					<section class="aux-widget-modern-heading">
            <div class="aux-widget-inner"><h2 class="aux-modern-heading-primary">Titus Horten</h2><h3 class="aux-modern-heading-secondary"><span class="aux-head-before"> ° Wuppertal 1882 – † Oldenburg 1936</span></h3><div class="aux-modern-heading-divider"></div><div class="aux-modern-heading-description"><p>Franz Horten a grandi dans une famille catholique et a étudié l'anglais et le français dans plusieurs universités européennes, obtenant un doctorat à Bonn.<br> En 1909, il entra dans l'Ordre <strong>des</strong> Martyrs et prit le nom de <em>Titus Maria</em> . Après avoir été ordonné prêtre à Rome, il exerça son ministère au monastère de Düsseldorf, où il soigna les soldats blessés, le monastère ayant été transformé en hôpital militaire pendant la Première Guerre mondiale. </p><p>Il enseigna ensuite les langues étrangères à l'école dominicaine de Vechta et devint, en 1923, directeur de la maison d'édition Albertus Magnus. Lorsque le régime nazi consolida son pouvoir en Allemagne, la maison d'édition fut persécutée. Titus Maria Horten fut arrêté en 1935 et mourut en prison un an plus tard, apparemment des suites de malnutrition et d'isolement.    </p><p>Après sa mort, la dépouille de Titus Horten a été transférée à la chapelle de l'école dominicaine de Vechta. Son procès en béatification est en cours. </p><p><span style="font-weight: 400">Bibliographie:  </span></p><p><span style="font-weight: 400">Ulrich Schulte (éd.) : P. Titus Horten OP. Ein Ordensmann dans le Reich Dritten. (Domininikanische Quellen und Zeugnisse, bande 12). St.Benno Verlag, Leipzig 2008&nbsp;;     </span></p><p><span style="font-weight: 400">Ludger Fortmann : Pater Titus Horten (1882-1936). Herder, Fribourg 2015. </span></p></div></div>
        </section>				</div>
				</div>
				</div>
		<div class="elementor-element elementor-element-9a4430c aux-appear-watch-animation aux-scale-down e-con-full e-flex e-con e-child" data-id="9a4430c" data-element_type="container" data-e-type="container">
				<div class="elementor-element elementor-element-46c0b7d elementor-widget elementor-widget-aux_image" data-id="46c0b7d" data-element_type="widget" data-e-type="widget" data-widget_type="aux_image.default">
				<div class="elementor-widget-container">
					<section class="widget-container aux-widget-image aux-alignnone aux-parent-au88728ce1">
    <div class="aux-media-hint-frame ">
        <div class="aux-media-image " >
        
            

            
            <img fetchpriority="high" decoding="async" width="403" height="580" src="data:image/gif;base64,R0lGODlhAQABAIAAAAAAAP///yH5BAEAAAAALAAAAAABAAEAAAIBRAA7" class="aux-attachment aux-featured-image aux-attachment-id-550 aux-preload aux-blank" alt="Titus Horten 1" data-ratio="0.69" data-original-w="403" data-src="https://dominiiklased.ee/wp-content/uploads/2025/02/Titus-Horten-1.jpeg" />            
                </div>
    </div>

</section><!-- widget-container -->				</div>
				</div>
				</div>
					</div>
				</div>
				</div>

<p>Nos modèles Agnès de Langeac José Álavrez Fernàndez Teresa Chikaba Titus Horten Marie Joseph Lagrange Vincent Liem of Peace Juan Macias Giorgio La Pira Franciscus de Vitoria Samuel Mazzuchelli Titus Horten ° Wuppertal 1882 – † Oldenburg 1936 Franz Horten a grandi dans une famille catholique et a étudié l&rsquo;anglais et le français dans plusieurs [&hellip;]</p>
