{"id":1556,"date":"2025-02-28T20:48:43","date_gmt":"2025-02-28T18:48:43","guid":{"rendered":"https:\/\/dominiiklased.ee\/giorgio-la-pira\/"},"modified":"2026-03-22T20:28:39","modified_gmt":"2026-03-22T18:28:39","slug":"giorgio-la-pira","status":"publish","type":"page","link":"https:\/\/dominiiklased.ee\/fr\/giorgio-la-pira\/","title":{"rendered":"Giorgio La Pira"},"content":{"rendered":"\t\t<div data-elementor-type=\"wp-page\" data-elementor-id=\"1556\" class=\"elementor elementor-1556 elementor-682\">\n\t\t\t\t<div class=\"aux-parallax-section elementor-element elementor-element-2284ac6 e-flex e-con-boxed e-con e-parent\" data-id=\"2284ac6\" data-element_type=\"container\" data-e-type=\"container\">\n\t\t\t\t\t<div class=\"e-con-inner\">\n\t\t\t\t<div class=\"elementor-element elementor-element-51ccffe elementor-widget elementor-widget-heading\" data-id=\"51ccffe\" data-element_type=\"widget\" data-e-type=\"widget\" data-widget_type=\"heading.default\">\n\t\t\t\t<div class=\"elementor-widget-container\">\n\t\t\t\t\t<h2 class=\"elementor-heading-title elementor-size-default\">Nos mod\u00e8les<\/h2>\t\t\t\t<\/div>\n\t\t\t\t<\/div>\n\t\t\t\t<div class=\"elementor-element elementor-element-0bb9e25 elementor-widget elementor-widget-aux_menu_box\" data-id=\"0bb9e25\" data-element_type=\"widget\" data-e-type=\"widget\" data-widget_type=\"aux_menu_box.default\">\n\t\t\t\t<div class=\"elementor-widget-container\">\n\t\t\t\t\t<div class=\"aux-elementor-header-menu aux-nav-menu-element aux-nav-menu-element-0bb9e25\"><div class=\"aux-burger-box\" data-target-panel=\"toggle-bar\" data-target-content=\".elementor-element-0bb9e25 .aux-master-menu\"><div class=\"aux-burger aux-lite-small\"><span class=\"mid-line\"><\/span><\/div><\/div><!-- start master menu -->\n<nav id=\"master-menu-elementor-0bb9e25\" class=\"menu-dominikaanlased-francais-container\">\n\n\t<ul id=\"menu-dominikaanlased-francais\" class=\"aux-master-menu aux-no-js aux-skin-classic aux-with-indicator aux-with-splitter aux-horizontal\" data-type=\"horizontal\"  data-switch-type=\"toggle\" data-switch-parent=\".elementor-element-0bb9e25 .aux-toggle-menu-bar\" data-switch-width=\"115\"  >\n\t\t<!-- start single menu -->\n\t\t<li id=\"menu-item-1837\" class=\"menu-item menu-item-type-post_type menu-item-object-page menu-item-1837 aux-menu-depth-0 aux-menu-root-1 aux-menu-item\">\n\t\t\t<a href=\"https:\/\/dominiiklased.ee\/fr\/bienheureuse-agnes-de-langeac\/\" class=\"aux-item-content\">\n\t\t\t\t<span class=\"aux-menu-label\">Bienheureuse Agn\u00e8s de Langeac<\/span>\n\t\t\t<\/a>\n\t\t<\/li>\n\t\t<!-- end single menu -->\n\t\t<!-- start single menu -->\n\t\t<li id=\"menu-item-1838\" class=\"menu-item menu-item-type-post_type menu-item-object-page menu-item-1838 aux-menu-depth-0 aux-menu-root-2 aux-menu-item\">\n\t\t\t<a href=\"https:\/\/dominiiklased.ee\/fr\/jose-alvarez-fernandez\/\" class=\"aux-item-content\">\n\t\t\t\t<span class=\"aux-menu-label\">Jos\u00e9 Alvarez Fernandez<\/span>\n\t\t\t<\/a>\n\t\t<\/li>\n\t\t<!-- end single menu -->\n\t\t<!-- start single menu -->\n\t\t<li id=\"menu-item-1839\" class=\"menu-item menu-item-type-post_type menu-item-object-page menu-item-1839 aux-menu-depth-0 aux-menu-root-3 aux-menu-item\">\n\t\t\t<a href=\"https:\/\/dominiiklased.ee\/fr\/therese-chikaba\/\" class=\"aux-item-content\">\n\t\t\t\t<span class=\"aux-menu-label\">Teresa Chikaba<\/span>\n\t\t\t<\/a>\n\t\t<\/li>\n\t\t<!-- end single menu -->\n\t\t<!-- start single menu -->\n\t\t<li id=\"menu-item-1840\" class=\"menu-item menu-item-type-post_type menu-item-object-page menu-item-1840 aux-menu-depth-0 aux-menu-root-4 aux-menu-item\">\n\t\t\t<a href=\"https:\/\/dominiiklased.ee\/fr\/titus-horten\/\" class=\"aux-item-content\">\n\t\t\t\t<span class=\"aux-menu-label\">Titus Horten<\/span>\n\t\t\t<\/a>\n\t\t<\/li>\n\t\t<!-- end single menu -->\n\t\t<!-- start single menu -->\n\t\t<li id=\"menu-item-1841\" class=\"menu-item menu-item-type-post_type menu-item-object-page menu-item-1841 aux-menu-depth-0 aux-menu-root-5 aux-menu-item\">\n\t\t\t<a href=\"https:\/\/dominiiklased.ee\/fr\/marie-joseph-lagrange\/\" class=\"aux-item-content\">\n\t\t\t\t<span class=\"aux-menu-label\">Marie Joseph Lagrange<\/span>\n\t\t\t<\/a>\n\t\t<\/li>\n\t\t<!-- end single menu -->\n\t\t<!-- start single menu -->\n\t\t<li id=\"menu-item-1852\" class=\"menu-item menu-item-type-post_type menu-item-object-page menu-item-1852 aux-menu-depth-0 aux-menu-root-6 aux-menu-item\">\n\t\t\t<a href=\"https:\/\/dominiiklased.ee\/fr\/vincent-liem-de-la-paix\/\" class=\"aux-item-content\">\n\t\t\t\t<span class=\"aux-menu-label\">Vincent Liem de la Paix<\/span>\n\t\t\t<\/a>\n\t\t<\/li>\n\t\t<!-- end single menu -->\n\t\t<!-- start single menu -->\n\t\t<li id=\"menu-item-1853\" class=\"menu-item menu-item-type-post_type menu-item-object-page menu-item-1853 aux-menu-depth-0 aux-menu-root-7 aux-menu-item\">\n\t\t\t<a href=\"https:\/\/dominiiklased.ee\/fr\/juan-macias\/\" class=\"aux-item-content\">\n\t\t\t\t<span class=\"aux-menu-label\">Juan Macias<\/span>\n\t\t\t<\/a>\n\t\t<\/li>\n\t\t<!-- end single menu -->\n\t\t<!-- start single menu -->\n\t\t<li id=\"menu-item-1854\" class=\"menu-item menu-item-type-post_type menu-item-object-page menu-item-1854 aux-menu-depth-0 aux-menu-root-8 aux-menu-item\">\n\t\t\t<a href=\"https:\/\/dominiiklased.ee\/fr\/giorgio-la-pira\/\" class=\"aux-item-content\">\n\t\t\t\t<span class=\"aux-menu-label\">Giorgio La Pira<\/span>\n\t\t\t<\/a>\n\t\t<\/li>\n\t\t<!-- end single menu -->\n\t\t<!-- start single menu -->\n\t\t<li id=\"menu-item-1855\" class=\"menu-item menu-item-type-post_type menu-item-object-page menu-item-1855 aux-menu-depth-0 aux-menu-root-9 aux-menu-item\">\n\t\t\t<a href=\"https:\/\/dominiiklased.ee\/fr\/francois-de-vitoria\/\" class=\"aux-item-content\">\n\t\t\t\t<span class=\"aux-menu-label\">Franciso de Vitoria<\/span>\n\t\t\t<\/a>\n\t\t<\/li>\n\t\t<!-- end single menu -->\n\t<\/ul>\n\n<\/nav>\n<!-- end master menu -->\n<div class=\"aux-toggle-menu-bar\"><\/div><\/div><style>@media only screen and (min-width: 116px) { .elementor-element-0bb9e25 .aux-burger-box { display: none } }<\/style>\t\t\t\t<\/div>\n\t\t\t\t<\/div>\n\t\t\t\t\t<\/div>\n\t\t\t\t<\/div>\n\t\t<div class=\"aux-parallax-section elementor-element elementor-element-c41fd24 e-flex e-con-boxed e-con e-parent\" data-id=\"c41fd24\" data-element_type=\"container\" data-e-type=\"container\">\n\t\t\t\t\t<div class=\"e-con-inner\">\n\t\t<div class=\"elementor-element elementor-element-f8c7192 e-con-full e-flex e-con e-child\" data-id=\"f8c7192\" data-element_type=\"container\" data-e-type=\"container\">\n\t\t\t\t<div class=\"elementor-element elementor-element-c99461e aux-appear-watch-animation aux-fade-in-up elementor-widget elementor-widget-aux_modern_heading\" data-id=\"c99461e\" data-element_type=\"widget\" data-e-type=\"widget\" data-widget_type=\"aux_modern_heading.default\">\n\t\t\t\t<div class=\"elementor-widget-container\">\n\t\t\t\t\t<section class=\"aux-widget-modern-heading\">\n            <div class=\"aux-widget-inner\"><h2 class=\"aux-modern-heading-primary\">Giorgio La Pira<\/h2><h3 class=\"aux-modern-heading-secondary\"><span class=\"aux-head-before\">\u00b0 1904, Pozzallo, Italie \u2013 \u2020 1977, Florence, Italie<\/span><\/h3><div class=\"aux-modern-heading-divider\"><\/div><div class=\"aux-modern-heading-description\"><p><span style=\"font-weight: 400\">Giorgio La Pira \u00e9tait originaire de Sicile, mais il s'\u00e9tait install\u00e9 \u00e0 Florence pour \u00e9tudier le droit. 1933. En 1927, il devint professeur de droit romain \u00e0 l'universit\u00e9 de Florence. D\u00e8s 1927, il avait rejoint la branche la\u00efque de l'Ordre des Pr\u00eacheurs.  <\/span><\/p><p><span style=\"font-weight: 400\">Il menait une vie simple et pieuse au monast\u00e8re de San Marco, qu'il associait \u00e0 d'importantes actions caritatives. Avec ses collaborateurs, il fonda en 1933 une soupe populaire (mensa dei poveri it k), toujours en activit\u00e9 aujourd'hui. Il participa \u00e9galement \u00e0 la publication d'un p\u00e9riodique dominicain et, en 1943, fonda un mouvement \u00e9tudiant o\u00f9 il rassembla de nombreux jeunes, dont plusieurs jou\u00e8rent un r\u00f4le important dans l'Italie d'apr\u00e8s-guerre.    <\/span><\/p><p><span style=\"font-weight: 400\">Ayant connu les \u00e9preuves de la guerre, il entama sa carri\u00e8re politique en 1946, en \u00e9tant \u00e9lu au Parlement italien sous l'\u00e9tiquette du Parti d\u00e9mocrate-chr\u00e9tien. Il joua un r\u00f4le actif dans la r\u00e9daction de la nouvelle Constitution italienne. Parall\u00e8lement \u00e0 son action au niveau national, il fut maire de Florence pendant dix ans.   <\/span><\/p><p><span style=\"font-weight: 400\">En tant que maire, il a mis sa position au service de la paix. Pendant la Guerre froide, il s'est efforc\u00e9 de surmonter les barri\u00e8res id\u00e9ologiques et politiques en organisant des rencontres internationales de maires et en visitant des villes aussi bien de l'autre c\u00f4t\u00e9 du rideau de fer que le long de la M\u00e9diterran\u00e9e. Il a \u00e9galement particip\u00e9 aux tentatives de m\u00e9diation entre les bellig\u00e9rants vietnamiens.  <\/span><\/p><\/div><\/div>\n        <\/section>\t\t\t\t<\/div>\n\t\t\t\t<\/div>\n\t\t\t\t<\/div>\n\t\t<div class=\"elementor-element elementor-element-9a4430c aux-appear-watch-animation aux-scale-down e-con-full e-flex e-con e-child\" data-id=\"9a4430c\" data-element_type=\"container\" data-e-type=\"container\">\n\t\t\t\t<div class=\"elementor-element elementor-element-46c0b7d elementor-widget elementor-widget-aux_image\" data-id=\"46c0b7d\" data-element_type=\"widget\" data-e-type=\"widget\" data-widget_type=\"aux_image.default\">\n\t\t\t\t<div class=\"elementor-widget-container\">\n\t\t\t\t\t<section class=\"widget-container aux-widget-image aux-alignnone aux-parent-au0ebff7d0\">\n    <div class=\"aux-media-hint-frame \">\n        <div class=\"aux-media-image \" >\n        \n            \n\n            \n            <img fetchpriority=\"high\" decoding=\"async\" width=\"600\" height=\"802\" src=\"data:image\/gif;base64,R0lGODlhAQABAIAAAAAAAP\/\/\/yH5BAEAAAAALAAAAAABAAEAAAIBRAA7\" class=\"aux-attachment aux-featured-image aux-attachment-id-558 aux-preload aux-blank\" alt=\"Giorgio La Pira\" data-ratio=\"0.75\" data-original-w=\"600\" data-src=\"https:\/\/dominiiklased.ee\/wp-content\/uploads\/2025\/02\/Giorgio-La-Pira.gif\" \/>            \n                <\/div>\n    <\/div>\n\n<\/section><!-- widget-container -->\t\t\t\t<\/div>\n\t\t\t\t<\/div>\n\t\t\t\t<\/div>\n\t\t\t\t\t<\/div>\n\t\t\t\t<\/div>\n\t\t\t\t<\/div>\n\t\t","protected":false},"excerpt":{"rendered":"<p>Nos mod\u00e8les Agn\u00e8s de Langeac Jos\u00e9 \u00c1lavrez Fern\u00e0ndez Teresa Chikaba Titus Horten Marie Joseph Lagrange Vincent Liem of Peace Juan Macias Giorgio La Pira Franciscus de Vitoria Samuel Mazzuchelli Giorgio La Pira \u00b0 1904, Pozzallo, Italie \u2013 \u2020 1977, Florence, Italie Giorgio La Pira \u00e9tait originaire de Sicile, mais il s&rsquo;\u00e9tait install\u00e9 \u00e0 Florence pour [&hellip;]<\/p>\n","protected":false},"author":1,"featured_media":0,"parent":0,"menu_order":0,"comment_status":"closed","ping_status":"closed","template":"templates\/page-builder-content.php","meta":{"footnotes":""},"class_list":["post-1556","page","type-page","status-publish","hentry"],"_links":{"self":[{"href":"https:\/\/dominiiklased.ee\/fr\/wp-json\/wp\/v2\/pages\/1556","targetHints":{"allow":["GET"]}}],"collection":[{"href":"https:\/\/dominiiklased.ee\/fr\/wp-json\/wp\/v2\/pages"}],"about":[{"href":"https:\/\/dominiiklased.ee\/fr\/wp-json\/wp\/v2\/types\/page"}],"author":[{"embeddable":true,"href":"https:\/\/dominiiklased.ee\/fr\/wp-json\/wp\/v2\/users\/1"}],"replies":[{"embeddable":true,"href":"https:\/\/dominiiklased.ee\/fr\/wp-json\/wp\/v2\/comments?post=1556"}],"version-history":[{"count":23,"href":"https:\/\/dominiiklased.ee\/fr\/wp-json\/wp\/v2\/pages\/1556\/revisions"}],"predecessor-version":[{"id":4915,"href":"https:\/\/dominiiklased.ee\/fr\/wp-json\/wp\/v2\/pages\/1556\/revisions\/4915"}],"wp:attachment":[{"href":"https:\/\/dominiiklased.ee\/fr\/wp-json\/wp\/v2\/media?parent=1556"}],"curies":[{"name":"wp","href":"https:\/\/api.w.org\/{rel}","templated":true}]}}

<div data-elementor-type="wp-page" data-elementor-id="1556" class="elementor elementor-1556 elementor-682">
				<div class="aux-parallax-section elementor-element elementor-element-2284ac6 e-flex e-con-boxed e-con e-parent" data-id="2284ac6" data-element_type="container" data-e-type="container">
					<div class="e-con-inner">
				<div class="elementor-element elementor-element-51ccffe elementor-widget elementor-widget-heading" data-id="51ccffe" data-element_type="widget" data-e-type="widget" data-widget_type="heading.default">
				<div class="elementor-widget-container">
					<h2 class="elementor-heading-title elementor-size-default">Nos modèles</h2>				</div>
				</div>
				<div class="elementor-element elementor-element-0bb9e25 elementor-widget elementor-widget-aux_menu_box" data-id="0bb9e25" data-element_type="widget" data-e-type="widget" data-widget_type="aux_menu_box.default">
				<div class="elementor-widget-container">
					<div class="aux-elementor-header-menu aux-nav-menu-element aux-nav-menu-element-0bb9e25"><div class="aux-burger-box" data-target-panel="toggle-bar" data-target-content=".elementor-element-0bb9e25 .aux-master-menu"><div class="aux-burger aux-lite-small"><span class="mid-line"></span></div></div><!-- start master menu -->
<nav id="master-menu-elementor-0bb9e25" class="menu-dominikaanlased-francais-container">

	<ul id="menu-dominikaanlased-francais" class="aux-master-menu aux-no-js aux-skin-classic aux-with-indicator aux-with-splitter aux-horizontal" data-type="horizontal"  data-switch-type="toggle" data-switch-parent=".elementor-element-0bb9e25 .aux-toggle-menu-bar" data-switch-width="115"  >
		<!-- start single menu -->
		<li id="menu-item-1837" class="menu-item menu-item-type-post_type menu-item-object-page menu-item-1837 aux-menu-depth-0 aux-menu-root-1 aux-menu-item">
			<a href="https://dominiiklased.ee/fr/bienheureuse-agnes-de-langeac/" class="aux-item-content">
				<span class="aux-menu-label">Bienheureuse Agnès de Langeac</span>
			</a>
		</li>
		<!-- end single menu -->
		<!-- start single menu -->
		<li id="menu-item-1838" class="menu-item menu-item-type-post_type menu-item-object-page menu-item-1838 aux-menu-depth-0 aux-menu-root-2 aux-menu-item">
			<a href="https://dominiiklased.ee/fr/jose-alvarez-fernandez/" class="aux-item-content">
				<span class="aux-menu-label">José Alvarez Fernandez</span>
			</a>
		</li>
		<!-- end single menu -->
		<!-- start single menu -->
		<li id="menu-item-1839" class="menu-item menu-item-type-post_type menu-item-object-page menu-item-1839 aux-menu-depth-0 aux-menu-root-3 aux-menu-item">
			<a href="https://dominiiklased.ee/fr/therese-chikaba/" class="aux-item-content">
				<span class="aux-menu-label">Teresa Chikaba</span>
			</a>
		</li>
		<!-- end single menu -->
		<!-- start single menu -->
		<li id="menu-item-1840" class="menu-item menu-item-type-post_type menu-item-object-page menu-item-1840 aux-menu-depth-0 aux-menu-root-4 aux-menu-item">
			<a href="https://dominiiklased.ee/fr/titus-horten/" class="aux-item-content">
				<span class="aux-menu-label">Titus Horten</span>
			</a>
		</li>
		<!-- end single menu -->
		<!-- start single menu -->
		<li id="menu-item-1841" class="menu-item menu-item-type-post_type menu-item-object-page menu-item-1841 aux-menu-depth-0 aux-menu-root-5 aux-menu-item">
			<a href="https://dominiiklased.ee/fr/marie-joseph-lagrange/" class="aux-item-content">
				<span class="aux-menu-label">Marie Joseph Lagrange</span>
			</a>
		</li>
		<!-- end single menu -->
		<!-- start single menu -->
		<li id="menu-item-1852" class="menu-item menu-item-type-post_type menu-item-object-page menu-item-1852 aux-menu-depth-0 aux-menu-root-6 aux-menu-item">
			<a href="https://dominiiklased.ee/fr/vincent-liem-de-la-paix/" class="aux-item-content">
				<span class="aux-menu-label">Vincent Liem de la Paix</span>
			</a>
		</li>
		<!-- end single menu -->
		<!-- start single menu -->
		<li id="menu-item-1853" class="menu-item menu-item-type-post_type menu-item-object-page menu-item-1853 aux-menu-depth-0 aux-menu-root-7 aux-menu-item">
			<a href="https://dominiiklased.ee/fr/juan-macias/" class="aux-item-content">
				<span class="aux-menu-label">Juan Macias</span>
			</a>
		</li>
		<!-- end single menu -->
		<!-- start single menu -->
		<li id="menu-item-1854" class="menu-item menu-item-type-post_type menu-item-object-page menu-item-1854 aux-menu-depth-0 aux-menu-root-8 aux-menu-item">
			<a href="https://dominiiklased.ee/fr/giorgio-la-pira/" class="aux-item-content">
				<span class="aux-menu-label">Giorgio La Pira</span>
			</a>
		</li>
		<!-- end single menu -->
		<!-- start single menu -->
		<li id="menu-item-1855" class="menu-item menu-item-type-post_type menu-item-object-page menu-item-1855 aux-menu-depth-0 aux-menu-root-9 aux-menu-item">
			<a href="https://dominiiklased.ee/fr/francois-de-vitoria/" class="aux-item-content">
				<span class="aux-menu-label">Franciso de Vitoria</span>
			</a>
		</li>
		<!-- end single menu -->
	</ul>

</nav>
<!-- end master menu -->
<div class="aux-toggle-menu-bar"></div></div><style>@media only screen and (min-width: 116px) { .elementor-element-0bb9e25 .aux-burger-box { display: none } }</style>				</div>
				</div>
					</div>
				</div>
		<div class="aux-parallax-section elementor-element elementor-element-c41fd24 e-flex e-con-boxed e-con e-parent" data-id="c41fd24" data-element_type="container" data-e-type="container">
					<div class="e-con-inner">
		<div class="elementor-element elementor-element-f8c7192 e-con-full e-flex e-con e-child" data-id="f8c7192" data-element_type="container" data-e-type="container">
				<div class="elementor-element elementor-element-c99461e aux-appear-watch-animation aux-fade-in-up elementor-widget elementor-widget-aux_modern_heading" data-id="c99461e" data-element_type="widget" data-e-type="widget" data-widget_type="aux_modern_heading.default">
				<div class="elementor-widget-container">
					<section class="aux-widget-modern-heading">
            <div class="aux-widget-inner"><h2 class="aux-modern-heading-primary">Giorgio La Pira</h2><h3 class="aux-modern-heading-secondary"><span class="aux-head-before">° 1904, Pozzallo, Italie – † 1977, Florence, Italie</span></h3><div class="aux-modern-heading-divider"></div><div class="aux-modern-heading-description"><p><span style="font-weight: 400">Giorgio La Pira était originaire de Sicile, mais il s'était installé à Florence pour étudier le droit. 1933. En 1927, il devint professeur de droit romain à l'université de Florence. Dès 1927, il avait rejoint la branche laïque de l'Ordre des Prêcheurs.  </span></p><p><span style="font-weight: 400">Il menait une vie simple et pieuse au monastère de San Marco, qu'il associait à d'importantes actions caritatives. Avec ses collaborateurs, il fonda en 1933 une soupe populaire (mensa dei poveri it k), toujours en activité aujourd'hui. Il participa également à la publication d'un périodique dominicain et, en 1943, fonda un mouvement étudiant où il rassembla de nombreux jeunes, dont plusieurs jouèrent un rôle important dans l'Italie d'après-guerre.    </span></p><p><span style="font-weight: 400">Ayant connu les épreuves de la guerre, il entama sa carrière politique en 1946, en étant élu au Parlement italien sous l'étiquette du Parti démocrate-chrétien. Il joua un rôle actif dans la rédaction de la nouvelle Constitution italienne. Parallèlement à son action au niveau national, il fut maire de Florence pendant dix ans.   </span></p><p><span style="font-weight: 400">En tant que maire, il a mis sa position au service de la paix. Pendant la Guerre froide, il s'est efforcé de surmonter les barrières idéologiques et politiques en organisant des rencontres internationales de maires et en visitant des villes aussi bien de l'autre côté du rideau de fer que le long de la Méditerranée. Il a également participé aux tentatives de médiation entre les belligérants vietnamiens.  </span></p></div></div>
        </section>				</div>
				</div>
				</div>
		<div class="elementor-element elementor-element-9a4430c aux-appear-watch-animation aux-scale-down e-con-full e-flex e-con e-child" data-id="9a4430c" data-element_type="container" data-e-type="container">
				<div class="elementor-element elementor-element-46c0b7d elementor-widget elementor-widget-aux_image" data-id="46c0b7d" data-element_type="widget" data-e-type="widget" data-widget_type="aux_image.default">
				<div class="elementor-widget-container">
					<section class="widget-container aux-widget-image aux-alignnone aux-parent-au0ebff7d0">
    <div class="aux-media-hint-frame ">
        <div class="aux-media-image " >
        
            

            
            <img fetchpriority="high" decoding="async" width="600" height="802" src="data:image/gif;base64,R0lGODlhAQABAIAAAAAAAP///yH5BAEAAAAALAAAAAABAAEAAAIBRAA7" class="aux-attachment aux-featured-image aux-attachment-id-558 aux-preload aux-blank" alt="Giorgio La Pira" data-ratio="0.75" data-original-w="600" data-src="https://dominiiklased.ee/wp-content/uploads/2025/02/Giorgio-La-Pira.gif" />            
                </div>
    </div>

</section><!-- widget-container -->				</div>
				</div>
				</div>
					</div>
				</div>
				</div>

<p>Nos modèles Agnès de Langeac José Álavrez Fernàndez Teresa Chikaba Titus Horten Marie Joseph Lagrange Vincent Liem of Peace Juan Macias Giorgio La Pira Franciscus de Vitoria Samuel Mazzuchelli Giorgio La Pira ° 1904, Pozzallo, Italie – † 1977, Florence, Italie Giorgio La Pira était originaire de Sicile, mais il s&rsquo;était installé à Florence pour [&hellip;]</p>
