{"id":1514,"date":"2025-02-28T20:21:43","date_gmt":"2025-02-28T18:21:43","guid":{"rendered":"https:\/\/dominiiklased.ee\/bienheureuse-agnes-de-langeac\/"},"modified":"2026-03-22T20:19:25","modified_gmt":"2026-03-22T18:19:25","slug":"bienheureuse-agnes-de-langeac","status":"publish","type":"page","link":"https:\/\/dominiiklased.ee\/fr\/bienheureuse-agnes-de-langeac\/","title":{"rendered":"Bienheureuse Agn\u00e8s de Langeac"},"content":{"rendered":"\t\t<div data-elementor-type=\"wp-page\" data-elementor-id=\"1514\" class=\"elementor elementor-1514 elementor-629\">\n\t\t\t\t<div class=\"aux-parallax-section elementor-element elementor-element-2284ac6 e-flex e-con-boxed e-con e-parent\" data-id=\"2284ac6\" data-element_type=\"container\" data-e-type=\"container\">\n\t\t\t\t\t<div class=\"e-con-inner\">\n\t\t\t\t<div class=\"elementor-element elementor-element-51ccffe elementor-widget elementor-widget-heading\" data-id=\"51ccffe\" data-element_type=\"widget\" data-e-type=\"widget\" data-widget_type=\"heading.default\">\n\t\t\t\t<div class=\"elementor-widget-container\">\n\t\t\t\t\t<h2 class=\"elementor-heading-title elementor-size-default\">Nos mod\u00e8les<\/h2>\t\t\t\t<\/div>\n\t\t\t\t<\/div>\n\t\t\t\t<div class=\"elementor-element elementor-element-0bb9e25 elementor-widget elementor-widget-aux_menu_box\" data-id=\"0bb9e25\" data-element_type=\"widget\" data-e-type=\"widget\" data-widget_type=\"aux_menu_box.default\">\n\t\t\t\t<div class=\"elementor-widget-container\">\n\t\t\t\t\t<div class=\"aux-elementor-header-menu aux-nav-menu-element aux-nav-menu-element-0bb9e25\"><div class=\"aux-burger-box\" data-target-panel=\"toggle-bar\" data-target-content=\".elementor-element-0bb9e25 .aux-master-menu\"><div class=\"aux-burger aux-lite-small\"><span class=\"mid-line\"><\/span><\/div><\/div><!-- start master menu -->\n<nav id=\"master-menu-elementor-0bb9e25\" class=\"menu-dominikaanlased-francais-container\">\n\n\t<ul id=\"menu-dominikaanlased-francais\" class=\"aux-master-menu aux-no-js aux-skin-classic aux-with-indicator aux-with-splitter aux-horizontal\" data-type=\"horizontal\"  data-switch-type=\"toggle\" data-switch-parent=\".elementor-element-0bb9e25 .aux-toggle-menu-bar\" data-switch-width=\"115\"  >\n\t\t<!-- start single menu -->\n\t\t<li id=\"menu-item-1837\" class=\"menu-item menu-item-type-post_type menu-item-object-page menu-item-1837 aux-menu-depth-0 aux-menu-root-1 aux-menu-item\">\n\t\t\t<a href=\"https:\/\/dominiiklased.ee\/fr\/bienheureuse-agnes-de-langeac\/\" class=\"aux-item-content\">\n\t\t\t\t<span class=\"aux-menu-label\">Bienheureuse Agn\u00e8s de Langeac<\/span>\n\t\t\t<\/a>\n\t\t<\/li>\n\t\t<!-- end single menu -->\n\t\t<!-- start single menu -->\n\t\t<li id=\"menu-item-1838\" class=\"menu-item menu-item-type-post_type menu-item-object-page menu-item-1838 aux-menu-depth-0 aux-menu-root-2 aux-menu-item\">\n\t\t\t<a href=\"https:\/\/dominiiklased.ee\/fr\/jose-alvarez-fernandez\/\" class=\"aux-item-content\">\n\t\t\t\t<span class=\"aux-menu-label\">Jos\u00e9 Alvarez Fernandez<\/span>\n\t\t\t<\/a>\n\t\t<\/li>\n\t\t<!-- end single menu -->\n\t\t<!-- start single menu -->\n\t\t<li id=\"menu-item-1839\" class=\"menu-item menu-item-type-post_type menu-item-object-page menu-item-1839 aux-menu-depth-0 aux-menu-root-3 aux-menu-item\">\n\t\t\t<a href=\"https:\/\/dominiiklased.ee\/fr\/therese-chikaba\/\" class=\"aux-item-content\">\n\t\t\t\t<span class=\"aux-menu-label\">Teresa Chikaba<\/span>\n\t\t\t<\/a>\n\t\t<\/li>\n\t\t<!-- end single menu -->\n\t\t<!-- start single menu -->\n\t\t<li id=\"menu-item-1840\" class=\"menu-item menu-item-type-post_type menu-item-object-page menu-item-1840 aux-menu-depth-0 aux-menu-root-4 aux-menu-item\">\n\t\t\t<a href=\"https:\/\/dominiiklased.ee\/fr\/titus-horten\/\" class=\"aux-item-content\">\n\t\t\t\t<span class=\"aux-menu-label\">Titus Horten<\/span>\n\t\t\t<\/a>\n\t\t<\/li>\n\t\t<!-- end single menu -->\n\t\t<!-- start single menu -->\n\t\t<li id=\"menu-item-1841\" class=\"menu-item menu-item-type-post_type menu-item-object-page menu-item-1841 aux-menu-depth-0 aux-menu-root-5 aux-menu-item\">\n\t\t\t<a href=\"https:\/\/dominiiklased.ee\/fr\/marie-joseph-lagrange\/\" class=\"aux-item-content\">\n\t\t\t\t<span class=\"aux-menu-label\">Marie Joseph Lagrange<\/span>\n\t\t\t<\/a>\n\t\t<\/li>\n\t\t<!-- end single menu -->\n\t\t<!-- start single menu -->\n\t\t<li id=\"menu-item-1852\" class=\"menu-item menu-item-type-post_type menu-item-object-page menu-item-1852 aux-menu-depth-0 aux-menu-root-6 aux-menu-item\">\n\t\t\t<a href=\"https:\/\/dominiiklased.ee\/fr\/vincent-liem-de-la-paix\/\" class=\"aux-item-content\">\n\t\t\t\t<span class=\"aux-menu-label\">Vincent Liem de la Paix<\/span>\n\t\t\t<\/a>\n\t\t<\/li>\n\t\t<!-- end single menu -->\n\t\t<!-- start single menu -->\n\t\t<li id=\"menu-item-1853\" class=\"menu-item menu-item-type-post_type menu-item-object-page menu-item-1853 aux-menu-depth-0 aux-menu-root-7 aux-menu-item\">\n\t\t\t<a href=\"https:\/\/dominiiklased.ee\/fr\/juan-macias\/\" class=\"aux-item-content\">\n\t\t\t\t<span class=\"aux-menu-label\">Juan Macias<\/span>\n\t\t\t<\/a>\n\t\t<\/li>\n\t\t<!-- end single menu -->\n\t\t<!-- start single menu -->\n\t\t<li id=\"menu-item-1854\" class=\"menu-item menu-item-type-post_type menu-item-object-page menu-item-1854 aux-menu-depth-0 aux-menu-root-8 aux-menu-item\">\n\t\t\t<a href=\"https:\/\/dominiiklased.ee\/fr\/giorgio-la-pira\/\" class=\"aux-item-content\">\n\t\t\t\t<span class=\"aux-menu-label\">Giorgio La Pira<\/span>\n\t\t\t<\/a>\n\t\t<\/li>\n\t\t<!-- end single menu -->\n\t\t<!-- start single menu -->\n\t\t<li id=\"menu-item-1855\" class=\"menu-item menu-item-type-post_type menu-item-object-page menu-item-1855 aux-menu-depth-0 aux-menu-root-9 aux-menu-item\">\n\t\t\t<a href=\"https:\/\/dominiiklased.ee\/fr\/francois-de-vitoria\/\" class=\"aux-item-content\">\n\t\t\t\t<span class=\"aux-menu-label\">Franciso de Vitoria<\/span>\n\t\t\t<\/a>\n\t\t<\/li>\n\t\t<!-- end single menu -->\n\t<\/ul>\n\n<\/nav>\n<!-- end master menu -->\n<div class=\"aux-toggle-menu-bar\"><\/div><\/div><style>@media only screen and (min-width: 116px) { .elementor-element-0bb9e25 .aux-burger-box { display: none } }<\/style>\t\t\t\t<\/div>\n\t\t\t\t<\/div>\n\t\t\t\t\t<\/div>\n\t\t\t\t<\/div>\n\t\t<div class=\"aux-parallax-section elementor-element elementor-element-c41fd24 e-con-full e-flex e-con e-parent\" data-id=\"c41fd24\" data-element_type=\"container\" data-e-type=\"container\">\n\t\t<div class=\"elementor-element elementor-element-f8c7192 e-con-full e-flex e-con e-child\" data-id=\"f8c7192\" data-element_type=\"container\" data-e-type=\"container\">\n\t\t\t\t<div class=\"elementor-element elementor-element-c99461e aux-appear-watch-animation aux-fade-in-up elementor-widget elementor-widget-aux_modern_heading\" data-id=\"c99461e\" data-element_type=\"widget\" data-e-type=\"widget\" data-widget_type=\"aux_modern_heading.default\">\n\t\t\t\t<div class=\"elementor-widget-container\">\n\t\t\t\t\t<section class=\"aux-widget-modern-heading\">\n            <div class=\"aux-widget-inner\"><h2 class=\"aux-modern-heading-primary\">Bienheureuse Agn\u00e8s de Langeac  <\/h2><h3 class=\"aux-modern-heading-secondary\"><span class=\"aux-head-before\">\u00b0 Le Puy-en-Velay, France 1602 \u2013 \u2020 Langeac, France 1634<\/span><\/h3><div class=\"aux-modern-heading-divider\"><\/div><div class=\"aux-modern-heading-description\"><p>\u00c0 sept ans, Agn\u00e8s Galand d\u00e9cida de consacrer sa vie \u00e0 Notre-Dame du Puy-en-Velay. En signe de ce v\u0153u, elle prit une cha\u00eene dans l'atelier de son p\u00e8re et la porta autour de sa taille. Lorsqu'\u00e0 vingt et un ans, elle entra au couvent dominicain de Langeac, r\u00e9cemment fond\u00e9, elle cessa de porter la cha\u00eene, car les v\u0153ux prononc\u00e9s lors de son entr\u00e9e dans l'ordre rempla\u00e7aient ce symbole de son engagement pr\u00e9c\u00e9dent. Sa profonde pi\u00e9t\u00e9 et sa charit\u00e9 impressionn\u00e8rent fortement ses cons\u0153urs, qui la choisirent comme prieure. Elle accomplit sa mission avec une grande douceur et un d\u00e9vouement sans faille. Parall\u00e8lement, elle assista r\u00e9guli\u00e8rement les femmes lors de leurs accouchements, une qualit\u00e9 pour laquelle elle \u00e9tait largement reconnue.     <\/p><p>En 1631, Agn\u00e8s eut une vision de la Vierge Marie lui demandant de prier pour l'abb\u00e9 du monast\u00e8re voisin de P\u00e9brac, qu'elle ne connaissait pas personnellement. Deux ans plus tard, Jean-Jacques Olier, fondateur de la Congr\u00e9gation sulpicienne, lui apparut et ils se rencontr\u00e8rent. Quelques mois apr\u00e8s cette rencontre, Agn\u00e8s mourut, mais les S\u0153urs de Langeac continuent de prier pour les membres de la Congr\u00e9gation sulpicienne jusqu'\u00e0 ce jour.  <\/p><p>Apr\u00e8s la mort d'Agn\u00e8s, de nombreux croyants se sont tourn\u00e9s vers son intercession, notamment en cas de grossesses difficiles, tenant le collier d'Agn\u00e8s entre leurs mains pendant qu'ils priaient. 1952. En 1911, des parents, attendant un enfant, se rendirent \u00e0 l'abbaye de Langeac. Les m\u00e9decins leur avaient annonc\u00e9 que la naissance imminente mettrait en danger la vie de la m\u00e8re et de l'enfant. Ils pri\u00e8rent Agn\u00e8s Galand, tenant sa cha\u00eene entre leurs mains. L'accouchement se d\u00e9roula sans incident. Cet \u00e9v\u00e9nement fut reconnu comme un miracle et ouvrit la voie \u00e0 la b\u00e9atification d'Agn\u00e8s Galand en 1994.    <\/p><\/div><\/div>\n        <\/section>\t\t\t\t<\/div>\n\t\t\t\t<\/div>\n\t\t\t\t<\/div>\n\t\t<div class=\"elementor-element elementor-element-9a4430c aux-appear-watch-animation aux-scale-down e-con-full e-flex e-con e-child\" data-id=\"9a4430c\" data-element_type=\"container\" data-e-type=\"container\">\n\t\t\t\t<div class=\"elementor-element elementor-element-46c0b7d elementor-widget elementor-widget-aux_image\" data-id=\"46c0b7d\" data-element_type=\"widget\" data-e-type=\"widget\" data-widget_type=\"aux_image.default\">\n\t\t\t\t<div class=\"elementor-widget-container\">\n\t\t\t\t\t<section class=\"widget-container aux-widget-image aux-alignnone aux-parent-aub4ab76d8\">\n    <div class=\"aux-media-hint-frame \">\n        <div class=\"aux-media-image \" >\n        \n            \n\n            \n            <img fetchpriority=\"high\" decoding=\"async\" width=\"278\" height=\"397\" src=\"data:image\/gif;base64,R0lGODlhAQABAIAAAAAAAP\/\/\/yH5BAEAAAAALAAAAAABAAEAAAIBRAA7\" class=\"aux-attachment aux-featured-image aux-attachment-id-530 aux-preload aux-blank\" alt=\"Agne\u0300s de Langeac\" data-ratio=\"0.7\" data-original-w=\"278\" data-src=\"https:\/\/dominiiklased.ee\/wp-content\/uploads\/2025\/02\/Agnes-de-Langeac.png\" \/>            \n                <\/div>\n    <\/div>\n\n<\/section><!-- widget-container -->\t\t\t\t<\/div>\n\t\t\t\t<\/div>\n\t\t\t\t<\/div>\n\t\t\t\t<\/div>\n\t\t\t\t<\/div>\n\t\t","protected":false},"excerpt":{"rendered":"<p>Nos mod\u00e8les Agn\u00e8s de Langeac Jos\u00e9 \u00c1lavrez Fern\u00e0ndez Teresa Chikaba Titus Horten Marie Joseph Lagrange Vincent Liem of Peace Juan Macias Giorgio La Pira Franciscus de Vitoria Samuel Mazzuchelli Bienheureuse Agn\u00e8s de Langeac \u00b0 Le Puy-en-Velay, France 1602 \u2013 \u2020 Langeac, France 1634 \u00c0 sept ans, Agn\u00e8s Galand d\u00e9cida de consacrer sa vie \u00e0 Notre-Dame [&hellip;]<\/p>\n","protected":false},"author":1,"featured_media":0,"parent":0,"menu_order":0,"comment_status":"closed","ping_status":"closed","template":"templates\/page-builder-content.php","meta":{"footnotes":""},"class_list":["post-1514","page","type-page","status-publish","hentry"],"_links":{"self":[{"href":"https:\/\/dominiiklased.ee\/fr\/wp-json\/wp\/v2\/pages\/1514","targetHints":{"allow":["GET"]}}],"collection":[{"href":"https:\/\/dominiiklased.ee\/fr\/wp-json\/wp\/v2\/pages"}],"about":[{"href":"https:\/\/dominiiklased.ee\/fr\/wp-json\/wp\/v2\/types\/page"}],"author":[{"embeddable":true,"href":"https:\/\/dominiiklased.ee\/fr\/wp-json\/wp\/v2\/users\/1"}],"replies":[{"embeddable":true,"href":"https:\/\/dominiiklased.ee\/fr\/wp-json\/wp\/v2\/comments?post=1514"}],"version-history":[{"count":16,"href":"https:\/\/dominiiklased.ee\/fr\/wp-json\/wp\/v2\/pages\/1514\/revisions"}],"predecessor-version":[{"id":4907,"href":"https:\/\/dominiiklased.ee\/fr\/wp-json\/wp\/v2\/pages\/1514\/revisions\/4907"}],"wp:attachment":[{"href":"https:\/\/dominiiklased.ee\/fr\/wp-json\/wp\/v2\/media?parent=1514"}],"curies":[{"name":"wp","href":"https:\/\/api.w.org\/{rel}","templated":true}]}}

Bienheureuse Agnès de Langeac

<div data-elementor-type="wp-page" data-elementor-id="1514" class="elementor elementor-1514 elementor-629">
				<div class="aux-parallax-section elementor-element elementor-element-2284ac6 e-flex e-con-boxed e-con e-parent" data-id="2284ac6" data-element_type="container" data-e-type="container">
					<div class="e-con-inner">
				<div class="elementor-element elementor-element-51ccffe elementor-widget elementor-widget-heading" data-id="51ccffe" data-element_type="widget" data-e-type="widget" data-widget_type="heading.default">
				<div class="elementor-widget-container">
					<h2 class="elementor-heading-title elementor-size-default">Nos modèles</h2>				</div>
				</div>
				<div class="elementor-element elementor-element-0bb9e25 elementor-widget elementor-widget-aux_menu_box" data-id="0bb9e25" data-element_type="widget" data-e-type="widget" data-widget_type="aux_menu_box.default">
				<div class="elementor-widget-container">
					<div class="aux-elementor-header-menu aux-nav-menu-element aux-nav-menu-element-0bb9e25"><div class="aux-burger-box" data-target-panel="toggle-bar" data-target-content=".elementor-element-0bb9e25 .aux-master-menu"><div class="aux-burger aux-lite-small"><span class="mid-line"></span></div></div><!-- start master menu -->
<nav id="master-menu-elementor-0bb9e25" class="menu-dominikaanlased-francais-container">

	<ul id="menu-dominikaanlased-francais" class="aux-master-menu aux-no-js aux-skin-classic aux-with-indicator aux-with-splitter aux-horizontal" data-type="horizontal"  data-switch-type="toggle" data-switch-parent=".elementor-element-0bb9e25 .aux-toggle-menu-bar" data-switch-width="115"  >
		<!-- start single menu -->
		<li id="menu-item-1837" class="menu-item menu-item-type-post_type menu-item-object-page menu-item-1837 aux-menu-depth-0 aux-menu-root-1 aux-menu-item">
			<a href="https://dominiiklased.ee/fr/bienheureuse-agnes-de-langeac/" class="aux-item-content">
				<span class="aux-menu-label">Bienheureuse Agnès de Langeac</span>
			</a>
		</li>
		<!-- end single menu -->
		<!-- start single menu -->
		<li id="menu-item-1838" class="menu-item menu-item-type-post_type menu-item-object-page menu-item-1838 aux-menu-depth-0 aux-menu-root-2 aux-menu-item">
			<a href="https://dominiiklased.ee/fr/jose-alvarez-fernandez/" class="aux-item-content">
				<span class="aux-menu-label">José Alvarez Fernandez</span>
			</a>
		</li>
		<!-- end single menu -->
		<!-- start single menu -->
		<li id="menu-item-1839" class="menu-item menu-item-type-post_type menu-item-object-page menu-item-1839 aux-menu-depth-0 aux-menu-root-3 aux-menu-item">
			<a href="https://dominiiklased.ee/fr/therese-chikaba/" class="aux-item-content">
				<span class="aux-menu-label">Teresa Chikaba</span>
			</a>
		</li>
		<!-- end single menu -->
		<!-- start single menu -->
		<li id="menu-item-1840" class="menu-item menu-item-type-post_type menu-item-object-page menu-item-1840 aux-menu-depth-0 aux-menu-root-4 aux-menu-item">
			<a href="https://dominiiklased.ee/fr/titus-horten/" class="aux-item-content">
				<span class="aux-menu-label">Titus Horten</span>
			</a>
		</li>
		<!-- end single menu -->
		<!-- start single menu -->
		<li id="menu-item-1841" class="menu-item menu-item-type-post_type menu-item-object-page menu-item-1841 aux-menu-depth-0 aux-menu-root-5 aux-menu-item">
			<a href="https://dominiiklased.ee/fr/marie-joseph-lagrange/" class="aux-item-content">
				<span class="aux-menu-label">Marie Joseph Lagrange</span>
			</a>
		</li>
		<!-- end single menu -->
		<!-- start single menu -->
		<li id="menu-item-1852" class="menu-item menu-item-type-post_type menu-item-object-page menu-item-1852 aux-menu-depth-0 aux-menu-root-6 aux-menu-item">
			<a href="https://dominiiklased.ee/fr/vincent-liem-de-la-paix/" class="aux-item-content">
				<span class="aux-menu-label">Vincent Liem de la Paix</span>
			</a>
		</li>
		<!-- end single menu -->
		<!-- start single menu -->
		<li id="menu-item-1853" class="menu-item menu-item-type-post_type menu-item-object-page menu-item-1853 aux-menu-depth-0 aux-menu-root-7 aux-menu-item">
			<a href="https://dominiiklased.ee/fr/juan-macias/" class="aux-item-content">
				<span class="aux-menu-label">Juan Macias</span>
			</a>
		</li>
		<!-- end single menu -->
		<!-- start single menu -->
		<li id="menu-item-1854" class="menu-item menu-item-type-post_type menu-item-object-page menu-item-1854 aux-menu-depth-0 aux-menu-root-8 aux-menu-item">
			<a href="https://dominiiklased.ee/fr/giorgio-la-pira/" class="aux-item-content">
				<span class="aux-menu-label">Giorgio La Pira</span>
			</a>
		</li>
		<!-- end single menu -->
		<!-- start single menu -->
		<li id="menu-item-1855" class="menu-item menu-item-type-post_type menu-item-object-page menu-item-1855 aux-menu-depth-0 aux-menu-root-9 aux-menu-item">
			<a href="https://dominiiklased.ee/fr/francois-de-vitoria/" class="aux-item-content">
				<span class="aux-menu-label">Franciso de Vitoria</span>
			</a>
		</li>
		<!-- end single menu -->
	</ul>

</nav>
<!-- end master menu -->
<div class="aux-toggle-menu-bar"></div></div><style>@media only screen and (min-width: 116px) { .elementor-element-0bb9e25 .aux-burger-box { display: none } }</style>				</div>
				</div>
					</div>
				</div>
		<div class="aux-parallax-section elementor-element elementor-element-c41fd24 e-con-full e-flex e-con e-parent" data-id="c41fd24" data-element_type="container" data-e-type="container">
		<div class="elementor-element elementor-element-f8c7192 e-con-full e-flex e-con e-child" data-id="f8c7192" data-element_type="container" data-e-type="container">
				<div class="elementor-element elementor-element-c99461e aux-appear-watch-animation aux-fade-in-up elementor-widget elementor-widget-aux_modern_heading" data-id="c99461e" data-element_type="widget" data-e-type="widget" data-widget_type="aux_modern_heading.default">
				<div class="elementor-widget-container">
					<section class="aux-widget-modern-heading">
            <div class="aux-widget-inner"><h2 class="aux-modern-heading-primary">Bienheureuse Agnès de Langeac  </h2><h3 class="aux-modern-heading-secondary"><span class="aux-head-before">° Le Puy-en-Velay, France 1602 – † Langeac, France 1634</span></h3><div class="aux-modern-heading-divider"></div><div class="aux-modern-heading-description"><p>À sept ans, Agnès Galand décida de consacrer sa vie à Notre-Dame du Puy-en-Velay. En signe de ce vœu, elle prit une chaîne dans l'atelier de son père et la porta autour de sa taille. Lorsqu'à vingt et un ans, elle entra au couvent dominicain de Langeac, récemment fondé, elle cessa de porter la chaîne, car les vœux prononcés lors de son entrée dans l'ordre remplaçaient ce symbole de son engagement précédent. Sa profonde piété et sa charité impressionnèrent fortement ses consœurs, qui la choisirent comme prieure. Elle accomplit sa mission avec une grande douceur et un dévouement sans faille. Parallèlement, elle assista régulièrement les femmes lors de leurs accouchements, une qualité pour laquelle elle était largement reconnue.     </p><p>En 1631, Agnès eut une vision de la Vierge Marie lui demandant de prier pour l'abbé du monastère voisin de Pébrac, qu'elle ne connaissait pas personnellement. Deux ans plus tard, Jean-Jacques Olier, fondateur de la Congrégation sulpicienne, lui apparut et ils se rencontrèrent. Quelques mois après cette rencontre, Agnès mourut, mais les Sœurs de Langeac continuent de prier pour les membres de la Congrégation sulpicienne jusqu'à ce jour.  </p><p>Après la mort d'Agnès, de nombreux croyants se sont tournés vers son intercession, notamment en cas de grossesses difficiles, tenant le collier d'Agnès entre leurs mains pendant qu'ils priaient. 1952. En 1911, des parents, attendant un enfant, se rendirent à l'abbaye de Langeac. Les médecins leur avaient annoncé que la naissance imminente mettrait en danger la vie de la mère et de l'enfant. Ils prièrent Agnès Galand, tenant sa chaîne entre leurs mains. L'accouchement se déroula sans incident. Cet événement fut reconnu comme un miracle et ouvrit la voie à la béatification d'Agnès Galand en 1994.    </p></div></div>
        </section>				</div>
				</div>
				</div>
		<div class="elementor-element elementor-element-9a4430c aux-appear-watch-animation aux-scale-down e-con-full e-flex e-con e-child" data-id="9a4430c" data-element_type="container" data-e-type="container">
				<div class="elementor-element elementor-element-46c0b7d elementor-widget elementor-widget-aux_image" data-id="46c0b7d" data-element_type="widget" data-e-type="widget" data-widget_type="aux_image.default">
				<div class="elementor-widget-container">
					<section class="widget-container aux-widget-image aux-alignnone aux-parent-aub4ab76d8">
    <div class="aux-media-hint-frame ">
        <div class="aux-media-image " >
        
            

            
            <img fetchpriority="high" decoding="async" width="278" height="397" src="data:image/gif;base64,R0lGODlhAQABAIAAAAAAAP///yH5BAEAAAAALAAAAAABAAEAAAIBRAA7" class="aux-attachment aux-featured-image aux-attachment-id-530 aux-preload aux-blank" alt="Agnès de Langeac" data-ratio="0.7" data-original-w="278" data-src="https://dominiiklased.ee/wp-content/uploads/2025/02/Agnes-de-Langeac.png" />            
                </div>
    </div>

</section><!-- widget-container -->				</div>
				</div>
				</div>
				</div>
				</div>

<p>Nos modèles Agnès de Langeac José Álavrez Fernàndez Teresa Chikaba Titus Horten Marie Joseph Lagrange Vincent Liem of Peace Juan Macias Giorgio La Pira Franciscus de Vitoria Samuel Mazzuchelli Bienheureuse Agnès de Langeac ° Le Puy-en-Velay, France 1602 – † Langeac, France 1634 À sept ans, Agnès Galand décida de consacrer sa vie à Notre-Dame [&hellip;]</p>
